Last updated on 2020-01-20 01:50:19 CET.
Flavor | Version | Tinstall | Tcheck | Ttotal | Status | Flags |
---|---|---|---|---|---|---|
r-devel-linux-x86_64-debian-clang | 0.6.5 | 2.94 | 31.00 | 33.94 | OK | |
r-devel-linux-x86_64-debian-gcc | 0.6.5 | 2.31 | 23.99 | 26.30 | OK | |
r-devel-linux-x86_64-fedora-clang | 0.6.5 | 41.64 | NOTE | |||
r-devel-linux-x86_64-fedora-gcc | 0.6.5 | 39.92 | NOTE | |||
r-devel-windows-ix86+x86_64 | 0.6.5 | 12.00 | 61.00 | 73.00 | OK | |
r-devel-windows-ix86+x86_64-gcc8 | 0.6.5 | 8.00 | 68.00 | 76.00 | OK | |
r-patched-linux-x86_64 | 0.6.5 | 2.20 | 28.18 | 30.38 | OK | |
r-patched-solaris-x86 | 0.6.5 | 55.20 | NOTE | |||
r-release-linux-x86_64 | 0.6.5 | 2.33 | 28.28 | 30.61 | OK | |
r-release-windows-ix86+x86_64 | 0.6.5 | 9.00 | 63.00 | 72.00 | OK | |
r-release-osx-x86_64 | 0.6.5 | NOTE | ||||
r-oldrel-windows-ix86+x86_64 | 0.6.5 | 3.00 | 38.00 | 41.00 | OK | |
r-oldrel-osx-x86_64 | 0.6.5 | NOTE |
Version: 0.6.5
Check: dependencies in R code
Result: NOTE
Namespaces in Imports field not imported from:
‘digest’ ‘dplyr’
All declared Imports should be used.
Flavors: r-devel-linux-x86_64-fedora-clang, r-devel-linux-x86_64-fedora-gcc, r-patched-solaris-x86, r-release-osx-x86_64, r-oldrel-osx-x86_64