CRAN Package Check Results for Package dynatopmodel

Last updated on 2020-01-20 01:50:19 CET.

Flavor Version Tinstall Tcheck Ttotal Status Flags
r-devel-linux-x86_64-debian-clang 1.2.1 18.63 109.35 127.98 OK
r-devel-linux-x86_64-debian-gcc 1.2.1 15.70 84.15 99.85 OK
r-devel-linux-x86_64-fedora-clang 1.2.1 156.62 NOTE
r-devel-linux-x86_64-fedora-gcc 1.2.1 152.35 NOTE
r-devel-windows-ix86+x86_64 1.2.1 39.00 114.00 153.00 OK
r-devel-windows-ix86+x86_64-gcc8 1.2.1 30.00 153.00 183.00 OK
r-patched-linux-x86_64 1.2.1 14.63 97.40 112.03 OK
r-patched-solaris-x86 1.2.1 219.30 NOTE
r-release-linux-x86_64 1.2.1 17.97 99.39 117.36 OK
r-release-windows-ix86+x86_64 1.2.1 36.00 96.00 132.00 OK
r-release-osx-x86_64 1.2.1 NOTE
r-oldrel-windows-ix86+x86_64 1.2.1 15.00 96.00 111.00 OK
r-oldrel-osx-x86_64 1.2.1 NOTE

Check Details

Version: 1.2.1
Check: dependencies in R code
Result: NOTE
    Namespaces in Imports field not imported from:
     ‘maptools’ ‘tools’
     All declared Imports should be used.
Flavors: r-devel-linux-x86_64-fedora-clang, r-devel-linux-x86_64-fedora-gcc, r-patched-solaris-x86, r-release-osx-x86_64, r-oldrel-osx-x86_64