CRAN Package Check Results for Package ePCR

Last updated on 2020-01-20 01:50:20 CET.

Flavor Version Tinstall Tcheck Ttotal Status Flags
r-devel-linux-x86_64-debian-clang 0.9.9-11 12.83 109.60 122.43 OK
r-devel-linux-x86_64-debian-gcc 0.9.9-11 11.17 84.94 96.11 OK
r-devel-linux-x86_64-fedora-clang 0.9.9-11 149.59 NOTE
r-devel-linux-x86_64-fedora-gcc 0.9.9-11 148.75 OK
r-devel-windows-ix86+x86_64 0.9.9-11 42.00 128.00 170.00 OK
r-devel-windows-ix86+x86_64-gcc8 0.9.9-11 35.00 167.00 202.00 OK
r-patched-linux-x86_64 0.9.9-11 10.70 99.29 109.99 OK
r-patched-solaris-x86 0.9.9-11 202.70 NOTE
r-release-linux-x86_64 0.9.9-11 11.45 101.84 113.29 OK
r-release-windows-ix86+x86_64 0.9.9-11 32.00 120.00 152.00 OK
r-release-osx-x86_64 0.9.9-11 OK
r-oldrel-windows-ix86+x86_64 0.9.9-11 13.00 108.00 121.00 OK
r-oldrel-osx-x86_64 0.9.9-11 OK

Check Details

Version: 0.9.9-11
Check: installed package size
Result: NOTE
     installed size is 5.0Mb
     sub-directories of 1Mb or more:
     data 4.3Mb
Flavors: r-devel-linux-x86_64-fedora-clang, r-patched-solaris-x86