CRAN Package Check Results for Package ecoengine

Last updated on 2020-01-20 01:50:19 CET.

Flavor Version Tinstall Tcheck Ttotal Status Flags
r-devel-linux-x86_64-debian-clang 1.11.0 6.39 41.83 48.22 OK
r-devel-linux-x86_64-debian-gcc 1.11.0 4.70 32.39 37.09 OK
r-devel-linux-x86_64-fedora-clang 1.11.0 57.94 NOTE
r-devel-linux-x86_64-fedora-gcc 1.11.0 54.94 NOTE
r-devel-windows-ix86+x86_64 1.11.0 20.00 75.00 95.00 OK
r-devel-windows-ix86+x86_64-gcc8 1.11.0 11.00 84.00 95.00 OK
r-patched-linux-x86_64 1.11.0 5.40 36.91 42.31 OK
r-patched-solaris-x86 1.11.0 85.40 NOTE
r-release-linux-x86_64 1.11.0 5.16 37.37 42.53 OK
r-release-windows-ix86+x86_64 1.11.0 18.00 88.00 106.00 OK
r-release-osx-x86_64 1.11.0 NOTE
r-oldrel-windows-ix86+x86_64 1.11.0 7.00 55.00 62.00 OK
r-oldrel-osx-x86_64 1.11.0 NOTE

Check Details

Version: 1.11.0
Check: dependencies in R code
Result: NOTE
    Namespace in Imports field not imported from: ‘magrittr’
     All declared Imports should be used.
Flavors: r-devel-linux-x86_64-fedora-clang, r-devel-linux-x86_64-fedora-gcc, r-patched-solaris-x86, r-release-osx-x86_64, r-oldrel-osx-x86_64