CRAN Package Check Results for Package eiPartialID

Last updated on 2020-01-20 01:50:20 CET.

Flavor Version Tinstall Tcheck Ttotal Status Flags
r-devel-linux-x86_64-debian-clang 0.1.2 2.58 23.39 25.97 OK
r-devel-linux-x86_64-debian-gcc 0.1.2 1.96 18.84 20.80 OK
r-devel-linux-x86_64-fedora-clang 0.1.2 32.93 NOTE
r-devel-linux-x86_64-fedora-gcc 0.1.2 32.04 NOTE
r-devel-windows-ix86+x86_64 0.1.2 10.00 50.00 60.00 OK
r-devel-windows-ix86+x86_64-gcc8 0.1.2 7.00 55.00 62.00 OK
r-patched-linux-x86_64 0.1.2 2.22 21.91 24.13 OK
r-patched-solaris-x86 0.1.2 45.30 NOTE
r-release-linux-x86_64 0.1.2 2.32 22.16 24.48 OK
r-release-windows-ix86+x86_64 0.1.2 7.00 34.00 41.00 OK
r-release-osx-x86_64 0.1.2 NOTE
r-oldrel-windows-ix86+x86_64 0.1.2 3.00 35.00 38.00 OK
r-oldrel-osx-x86_64 0.1.2 NOTE

Check Details

Version: 0.1.2
Check: dependencies in R code
Result: NOTE
    Namespaces in Imports field not imported from:
     ‘MASS’ ‘eco’
     All declared Imports should be used.
Flavors: r-devel-linux-x86_64-fedora-clang, r-devel-linux-x86_64-fedora-gcc, r-patched-solaris-x86, r-release-osx-x86_64, r-oldrel-osx-x86_64