CRAN Package Check Results for Package emba

Last updated on 2020-01-20 01:50:20 CET.

Flavor Version Tinstall Tcheck Ttotal Status Flags
r-devel-linux-x86_64-debian-clang 0.1.1 5.91 44.86 50.77 OK
r-devel-linux-x86_64-debian-gcc 0.1.1 4.24 35.36 39.60 OK
r-devel-linux-x86_64-fedora-clang 0.1.1 61.94 OK
r-devel-linux-x86_64-fedora-gcc 0.1.1 64.36 OK
r-devel-windows-ix86+x86_64 0.1.1 17.00 63.00 80.00 OK
r-devel-windows-ix86+x86_64-gcc8 0.1.1 12.00 90.00 102.00 OK
r-patched-linux-x86_64 0.1.1 4.43 41.03 45.46 OK
r-patched-solaris-x86 0.1.1 92.30 OK
r-release-linux-x86_64 0.1.1 5.16 40.79 45.95 OK
r-release-windows-ix86+x86_64 0.1.1 16.00 86.00 102.00 OK
r-release-osx-x86_64 0.1.1 OK
r-oldrel-windows-ix86+x86_64 0.1.1 6.00 52.00 58.00 ERROR
r-oldrel-osx-x86_64 0.1.1 ERROR

Check Details

Version: 0.1.1
Check: tests
Result: ERROR
     Running 'testthat.R' [2s]
    Running the tests in 'tests/testthat.R' failed.
    Complete output:
     > library(testthat)
     > library(emba)
     >
     > test_check("emba")
     -- 1. Failure: it returns correct results (@test-analysis.R#8) ----------------
     count_models_that_predict_synergies(...) not equal to 25.
     1/1 mismatches
     [1] 26 - 25 == 1
    
     -- 2. Failure: it returns correct results (@test-analysis.R#10) ---------------
     count_models_that_predict_synergies(...) not equal to 360.
     1/1 mismatches
     [1] 310 - 360 == -50
    
     -- 3. Failure: it returns correct results (@test-analysis.R#11) ---------------
     count_models_that_predict_synergies(...) not equal to 312.
     1/1 mismatches
     [1] 334 - 312 == 22
    
     -- 4. Failure: it returns correct results (@test-analysis.R#12) ---------------
     count_models_that_predict_synergies(...) not equal to 329.
     1/1 mismatches
     [1] 313 - 329 == -16
    
     -- 5. Failure: it returns correct results (@test-analysis.R#14) ---------------
     count_models_that_predict_synergies(...) not equal to 119.
     1/1 mismatches
     [1] 91 - 119 == -28
    
     -- 6. Failure: it returns correct results (@test-analysis.R#15) ---------------
     count_models_that_predict_synergies(...) not equal to 119.
     1/1 mismatches
     [1] 91 - 119 == -28
    
     == testthat results ===========================================================
     [ OK: 19 | SKIPPED: 0 | WARNINGS: 0 | FAILED: 6 ]
     1. Failure: it returns correct results (@test-analysis.R#8)
     2. Failure: it returns correct results (@test-analysis.R#10)
     3. Failure: it returns correct results (@test-analysis.R#11)
     4. Failure: it returns correct results (@test-analysis.R#12)
     5. Failure: it returns correct results (@test-analysis.R#14)
     6. Failure: it returns correct results (@test-analysis.R#15)
    
     Error: testthat unit tests failed
     Execution halted
Flavor: r-oldrel-windows-ix86+x86_64

Version: 0.1.1
Check: tests
Result: ERROR
     Running ‘testthat.R’ [2s/2s]
    Running the tests in ‘tests/testthat.R’ failed.
    Last 13 lines of output:
     count_models_that_predict_synergies(...) not equal to 119.
     1/1 mismatches
     [1] 91 - 119 == -28
    
     ══ testthat results ═══════════════════════════════════════════════════════════
     [ OK: 19 | SKIPPED: 0 | WARNINGS: 0 | FAILED: 6 ]
     1. Failure: it returns correct results (@test-analysis.R#8)
     2. Failure: it returns correct results (@test-analysis.R#10)
     3. Failure: it returns correct results (@test-analysis.R#11)
     4. Failure: it returns correct results (@test-analysis.R#12)
     5. Failure: it returns correct results (@test-analysis.R#14)
     6. Failure: it returns correct results (@test-analysis.R#15)
    
     Error: testthat unit tests failed
     Execution halted
Flavor: r-oldrel-osx-x86_64