Last updated on 2020-01-20 01:50:20 CET.
Flavor | Version | Tinstall | Tcheck | Ttotal | Status | Flags |
---|---|---|---|---|---|---|
r-devel-linux-x86_64-debian-clang | 1.1.6 | 14.39 | 126.24 | 140.63 | OK | |
r-devel-linux-x86_64-debian-gcc | 1.1.6 | 11.80 | 95.37 | 107.17 | OK | |
r-devel-linux-x86_64-fedora-clang | 1.1.6 | 169.01 | NOTE | |||
r-devel-linux-x86_64-fedora-gcc | 1.1.6 | 162.57 | NOTE | |||
r-devel-windows-ix86+x86_64 | 1.1.6 | 48.00 | 170.00 | 218.00 | OK | |
r-devel-windows-ix86+x86_64-gcc8 | 1.1.6 | 35.00 | 190.00 | 225.00 | OK | |
r-patched-linux-x86_64 | 1.1.6 | 14.31 | 109.25 | 123.56 | OK | |
r-patched-solaris-x86 | 1.1.6 | 213.10 | NOTE | |||
r-release-linux-x86_64 | 1.1.6 | 14.91 | 109.24 | 124.15 | OK | |
r-release-windows-ix86+x86_64 | 1.1.6 | 45.00 | 183.00 | 228.00 | OK | |
r-release-osx-x86_64 | 1.1.6 | NOTE | ||||
r-oldrel-windows-ix86+x86_64 | 1.1.6 | 17.00 | 113.00 | 130.00 | OK | |
r-oldrel-osx-x86_64 | 1.1.6 | NOTE |
Version: 1.1.6
Check: dependencies in R code
Result: NOTE
Namespaces in Imports field not imported from:
‘graphics’ ‘maptools’ ‘rgeos’
All declared Imports should be used.
Flavors: r-devel-linux-x86_64-fedora-clang, r-devel-linux-x86_64-fedora-gcc, r-patched-solaris-x86, r-release-osx-x86_64, r-oldrel-osx-x86_64
Version: 1.1.6
Check: data for non-ASCII characters
Result: NOTE
Note: found 24 marked Latin-1 strings
Flavors: r-devel-linux-x86_64-fedora-clang, r-devel-linux-x86_64-fedora-gcc, r-patched-solaris-x86, r-release-osx-x86_64, r-oldrel-osx-x86_64