Last updated on 2020-01-20 01:50:20 CET.
Flavor | Version | Tinstall | Tcheck | Ttotal | Status | Flags |
---|---|---|---|---|---|---|
r-devel-linux-x86_64-debian-clang | 0.5-0 | 6.52 | 21.65 | 28.17 | NOTE | |
r-devel-linux-x86_64-debian-gcc | 0.5-0 | 4.17 | 17.44 | 21.61 | NOTE | |
r-devel-linux-x86_64-fedora-clang | 0.5-0 | 36.25 | NOTE | |||
r-devel-linux-x86_64-fedora-gcc | 0.5-0 | 33.89 | NOTE | |||
r-devel-windows-ix86+x86_64 | 0.5-0 | 30.00 | 42.00 | 72.00 | NOTE | |
r-devel-windows-ix86+x86_64-gcc8 | 0.5-0 | 22.00 | 61.00 | 83.00 | NOTE | |
r-patched-linux-x86_64 | 0.5-0 | 4.37 | 20.11 | 24.48 | NOTE | |
r-patched-solaris-x86 | 0.5-0 | 46.60 | NOTE | |||
r-release-linux-x86_64 | 0.5-0 | 4.36 | 20.54 | 24.90 | NOTE | |
r-release-windows-ix86+x86_64 | 0.5-0 | 33.00 | 43.00 | 76.00 | NOTE | |
r-release-osx-x86_64 | 0.5-0 | NOTE | ||||
r-oldrel-windows-ix86+x86_64 | 0.5-0 | 20.00 | 60.00 | 80.00 | NOTE | |
r-oldrel-osx-x86_64 | 0.5-0 | NOTE |
Version: 0.5-0
Check: R code for possible problems
Result: NOTE
nondominated_ordering: no visible binding for global variable 'par'
rsbxbeta: no visible global function definition for 'runif'
Undefined global functions or variables:
par runif
Consider adding
importFrom("graphics", "par")
importFrom("stats", "runif")
to your NAMESPACE file.
Flavors: r-devel-linux-x86_64-debian-clang, r-devel-linux-x86_64-debian-gcc, r-devel-linux-x86_64-fedora-clang, r-devel-linux-x86_64-fedora-gcc, r-devel-windows-ix86+x86_64, r-devel-windows-ix86+x86_64-gcc8, r-patched-linux-x86_64, r-patched-solaris-x86, r-release-linux-x86_64, r-release-windows-ix86+x86_64, r-release-osx-x86_64, r-oldrel-windows-ix86+x86_64, r-oldrel-osx-x86_64
Version: 0.5-0
Check: compiled code
Result: NOTE
File ‘emoa/libs/emoa.so’:
Found no calls to: ‘R_registerRoutines’, ‘R_useDynamicSymbols’
It is good practice to register native routines and to disable symbol
search.
See ‘Writing portable packages’ in the ‘Writing R Extensions’ manual.
Flavors: r-devel-linux-x86_64-fedora-clang, r-devel-linux-x86_64-fedora-gcc