CRAN Package Check Results for Package ems

Last updated on 2020-01-20 01:50:20 CET.

Flavor Version Tinstall Tcheck Ttotal Status Flags
r-devel-linux-x86_64-debian-clang 1.2.7 8.70 46.53 55.23 OK
r-devel-linux-x86_64-debian-gcc 1.2.7 6.90 35.70 42.60 OK
r-devel-linux-x86_64-fedora-clang 1.2.7 67.39 NOTE
r-devel-linux-x86_64-fedora-gcc 1.2.7 65.23 NOTE
r-devel-windows-ix86+x86_64 1.2.7 17.00 57.00 74.00 OK
r-devel-windows-ix86+x86_64-gcc8 1.2.7 14.00 76.00 90.00 OK
r-patched-linux-x86_64 1.2.7 7.55 42.38 49.93 OK
r-patched-solaris-x86 1.2.7 81.50 NOTE
r-release-linux-x86_64 1.2.7 6.01 42.73 48.74 OK
r-release-windows-ix86+x86_64 1.2.7 11.00 69.00 80.00 OK
r-release-osx-x86_64 1.2.7 NOTE
r-oldrel-windows-ix86+x86_64 1.2.7 8.00 49.00 57.00 OK
r-oldrel-osx-x86_64 1.2.7 NOTE

Check Details

Version: 1.2.7
Check: data for non-ASCII characters
Result: NOTE
     Note: found 23639 marked Latin-1 strings
Flavors: r-devel-linux-x86_64-fedora-clang, r-devel-linux-x86_64-fedora-gcc, r-patched-solaris-x86, r-release-osx-x86_64, r-oldrel-osx-x86_64