CRAN Package Check Results for Package encryptr

Last updated on 2020-01-20 01:50:20 CET.

Flavor Version Tinstall Tcheck Ttotal Status Flags
r-devel-linux-x86_64-debian-clang 0.1.3 4.30 40.79 45.09 NOTE
r-devel-linux-x86_64-debian-gcc 0.1.3 3.36 31.33 34.69 NOTE
r-devel-linux-x86_64-fedora-clang 0.1.3 53.16 NOTE
r-devel-linux-x86_64-fedora-gcc 0.1.3 51.84 NOTE
r-devel-windows-ix86+x86_64 0.1.3 14.00 70.00 84.00 OK
r-devel-windows-ix86+x86_64-gcc8 0.1.3 11.00 86.00 97.00 OK
r-patched-linux-x86_64 0.1.3 3.63 35.85 39.48 OK
r-patched-solaris-x86 0.1.3 87.10 NOTE
r-release-linux-x86_64 0.1.3 3.62 35.36 38.98 OK
r-release-windows-ix86+x86_64 0.1.3 14.00 88.00 102.00 OK
r-release-osx-x86_64 0.1.3 NOTE
r-oldrel-windows-ix86+x86_64 0.1.3 4.00 54.00 58.00 OK
r-oldrel-osx-x86_64 0.1.3 NOTE

Check Details

Version: 0.1.3
Check: for non-standard things in the check directory
Result: NOTE
    Found the following files/directories:
     'file.path(temp_dir, gp2.csv)'
Flavors: r-devel-linux-x86_64-debian-clang, r-devel-linux-x86_64-debian-gcc, r-devel-linux-x86_64-fedora-clang, r-devel-linux-x86_64-fedora-gcc

Version: 0.1.3
Check: dependencies in R code
Result: NOTE
    Namespace in Imports field not imported from: ‘knitr’
     All declared Imports should be used.
Flavors: r-devel-linux-x86_64-fedora-clang, r-devel-linux-x86_64-fedora-gcc, r-patched-solaris-x86, r-release-osx-x86_64, r-oldrel-osx-x86_64