Last updated on 2020-01-20 01:50:20 CET.
Flavor | Version | Tinstall | Tcheck | Ttotal | Status | Flags |
---|---|---|---|---|---|---|
r-devel-linux-x86_64-debian-clang | 0.1.0 | 11.85 | 105.44 | 117.29 | OK | |
r-devel-linux-x86_64-debian-gcc | 0.1.0 | 10.83 | 79.01 | 89.84 | OK | |
r-devel-linux-x86_64-fedora-clang | 0.1.0 | 140.27 | NOTE | |||
r-devel-linux-x86_64-fedora-gcc | 0.1.0 | 135.39 | NOTE | |||
r-devel-windows-ix86+x86_64 | 0.1.0 | 50.00 | 158.00 | 208.00 | OK | |
r-devel-windows-ix86+x86_64-gcc8 | 0.1.0 | 33.00 | 176.00 | 209.00 | OK | |
r-patched-linux-x86_64 | 0.1.0 | 9.95 | 93.22 | 103.17 | OK | |
r-patched-solaris-x86 | 0.1.0 | 201.20 | NOTE | |||
r-release-linux-x86_64 | 0.1.0 | 10.40 | 92.73 | 103.13 | OK | |
r-release-windows-ix86+x86_64 | 0.1.0 | 39.00 | 158.00 | 197.00 | OK | |
r-release-osx-x86_64 | 0.1.0 | NOTE | ||||
r-oldrel-windows-ix86+x86_64 | 0.1.0 | 12.00 | 102.00 | 114.00 | OK | |
r-oldrel-osx-x86_64 | 0.1.0 | NOTE |
Version: 0.1.0
Check: dependencies in R code
Result: NOTE
Namespaces in Imports field not imported from:
‘dplyr’ ‘testthat’ ‘tidyr’
All declared Imports should be used.
Flavors: r-devel-linux-x86_64-fedora-clang, r-devel-linux-x86_64-fedora-gcc, r-patched-solaris-x86, r-release-osx-x86_64, r-oldrel-osx-x86_64