CRAN Package Check Results for Package equivalenceTest

Last updated on 2020-01-20 01:50:20 CET.

Flavor Version Tinstall Tcheck Ttotal Status Flags
r-devel-linux-x86_64-debian-clang 0.0.1.1 2.49 23.25 25.74 OK
r-devel-linux-x86_64-debian-gcc 0.0.1.1 2.00 18.57 20.57 OK
r-devel-linux-x86_64-fedora-clang 0.0.1.1 32.53 NOTE
r-devel-linux-x86_64-fedora-gcc 0.0.1.1 30.91 NOTE
r-devel-windows-ix86+x86_64 0.0.1.1 8.00 39.00 47.00 OK
r-devel-windows-ix86+x86_64-gcc8 0.0.1.1 6.00 52.00 58.00 OK
r-patched-linux-x86_64 0.0.1.1 1.84 21.85 23.69 OK
r-patched-solaris-x86 0.0.1.1 47.20 NOTE
r-release-linux-x86_64 0.0.1.1 2.15 21.60 23.75 OK
r-release-windows-ix86+x86_64 0.0.1.1 7.00 34.00 41.00 OK
r-release-osx-x86_64 0.0.1.1 NOTE
r-oldrel-windows-ix86+x86_64 0.0.1.1 3.00 31.00 34.00 OK
r-oldrel-osx-x86_64 0.0.1.1 NOTE

Check Details

Version: 0.0.1.1
Check: dependencies in R code
Result: NOTE
    Namespaces in Imports field not imported from:
     ‘cubature’ ‘rootSolve’
     All declared Imports should be used.
Flavors: r-devel-linux-x86_64-fedora-clang, r-devel-linux-x86_64-fedora-gcc, r-patched-solaris-x86, r-release-osx-x86_64, r-oldrel-osx-x86_64