CRAN Package Check Results for Package erp.easy

Last updated on 2020-01-20 01:50:20 CET.

Flavor Version Tinstall Tcheck Ttotal Status Flags
r-devel-linux-x86_64-debian-clang 1.1.0 3.77 29.18 32.95 OK
r-devel-linux-x86_64-debian-gcc 1.1.0 2.83 22.32 25.15 OK
r-devel-linux-x86_64-fedora-clang 1.1.0 40.23 NOTE
r-devel-linux-x86_64-fedora-gcc 1.1.0 39.39 NOTE
r-devel-windows-ix86+x86_64 1.1.0 7.00 43.00 50.00 OK
r-devel-windows-ix86+x86_64-gcc8 1.1.0 7.00 58.00 65.00 OK
r-patched-linux-x86_64 1.1.0 3.48 27.16 30.64 OK
r-patched-solaris-x86 1.1.0 52.30 NOTE
r-release-linux-x86_64 1.1.0 3.04 26.89 29.93 OK
r-release-windows-ix86+x86_64 1.1.0 10.00 40.00 50.00 OK
r-release-osx-x86_64 1.1.0 NOTE
r-oldrel-windows-ix86+x86_64 1.1.0 4.00 58.00 62.00 OK
r-oldrel-osx-x86_64 1.1.0 NOTE

Check Details

Version: 1.1.0
Check: dependencies in R code
Result: NOTE
    Namespace in Imports field not imported from: ‘signal’
     All declared Imports should be used.
Flavors: r-devel-linux-x86_64-fedora-clang, r-devel-linux-x86_64-fedora-gcc, r-patched-solaris-x86, r-release-osx-x86_64, r-oldrel-osx-x86_64