Last updated on 2020-01-20 01:50:20 CET.
Flavor | Version | Tinstall | Tcheck | Ttotal | Status | Flags |
---|---|---|---|---|---|---|
r-devel-linux-x86_64-debian-clang | 1.4.0 | 10.37 | 55.44 | 65.81 | OK | |
r-devel-linux-x86_64-debian-gcc | 1.4.0 | 8.12 | 44.06 | 52.18 | OK | |
r-devel-linux-x86_64-fedora-clang | 1.4.0 | 80.37 | NOTE | |||
r-devel-linux-x86_64-fedora-gcc | 1.4.0 | 79.12 | NOTE | |||
r-devel-windows-ix86+x86_64 | 1.4.0 | 44.00 | 94.00 | 138.00 | OK | |
r-devel-windows-ix86+x86_64-gcc8 | 1.4.0 | 26.00 | 144.00 | 170.00 | OK | |
r-patched-linux-x86_64 | 1.4.0 | 9.37 | 50.22 | 59.59 | OK | |
r-patched-solaris-x86 | 1.4.0 | 105.00 | OK | |||
r-release-linux-x86_64 | 1.4.0 | 9.02 | 50.50 | 59.52 | OK | |
r-release-windows-ix86+x86_64 | 1.4.0 | 35.00 | 126.00 | 161.00 | OK | |
r-release-osx-x86_64 | 1.4.0 | WARN | ||||
r-oldrel-windows-ix86+x86_64 | 1.4.0 | 14.00 | 72.00 | 86.00 | OK | |
r-oldrel-osx-x86_64 | 1.4.0 | OK |
Version: 1.4.0
Check: compiled code
Result: NOTE
File ‘etasFLP/libs/etasFLP.so’:
Found no calls to: ‘R_registerRoutines’, ‘R_useDynamicSymbols’
It is good practice to register native routines and to disable symbol
search.
See ‘Writing portable packages’ in the ‘Writing R Extensions’ manual.
Flavors: r-devel-linux-x86_64-fedora-clang, r-devel-linux-x86_64-fedora-gcc
Version: 1.4.0
Check: whether package can be installed
Result: WARN
Found the following significant warnings:
Warning: 'rgl_init' failed, running with rgl.useNULL = TRUE
Flavor: r-release-osx-x86_64