CRAN Package Check Results for Package eva

Last updated on 2020-01-20 01:50:20 CET.

Flavor Version Tinstall Tcheck Ttotal Status Flags
r-devel-linux-x86_64-debian-clang 0.2.5 13.18 97.78 110.96 WARN
r-devel-linux-x86_64-debian-gcc 0.2.5 10.91 73.56 84.47 WARN
r-devel-linux-x86_64-fedora-clang 0.2.5 130.76 WARN
r-devel-linux-x86_64-fedora-gcc 0.2.5 71.35 WARN
r-devel-windows-ix86+x86_64 0.2.5 31.00 148.00 179.00 OK
r-devel-windows-ix86+x86_64-gcc8 0.2.5 24.00 147.00 171.00 OK
r-patched-linux-x86_64 0.2.5 10.63 84.89 95.52 WARN
r-patched-solaris-x86 0.2.5 159.30 WARN
r-release-linux-x86_64 0.2.5 10.33 85.43 95.76 WARN
r-release-windows-ix86+x86_64 0.2.5 26.00 134.00 160.00 OK
r-release-osx-x86_64 0.2.5 NOTE
r-oldrel-windows-ix86+x86_64 0.2.5 12.00 97.00 109.00 OK
r-oldrel-osx-x86_64 0.2.5 NOTE

Check Details

Version: 0.2.5
Check: package dependencies
Result: NOTE
    Package suggested but not available for checking: 'SpatialExtremes'
Flavors: r-devel-linux-x86_64-debian-clang, r-devel-linux-x86_64-debian-gcc, r-devel-linux-x86_64-fedora-clang, r-devel-linux-x86_64-fedora-gcc, r-patched-linux-x86_64, r-patched-solaris-x86, r-release-linux-x86_64

Version: 0.2.5
Check: re-building of vignette outputs
Result: WARN
    Error(s) in re-building vignettes:
     ...
    --- re-building 'introduction.Rmd' using rmarkdown
    Quitting from lines 196-208 (introduction.Rmd)
    Error: processing vignette 'introduction.Rmd' failed with diagnostics:
    could not find function "rmaxstab"
    --- failed re-building 'introduction.Rmd'
    
    SUMMARY: processing the following file failed:
     'introduction.Rmd'
    
    Error: Vignette re-building failed.
    Execution halted
Flavors: r-devel-linux-x86_64-debian-clang, r-devel-linux-x86_64-debian-gcc, r-patched-linux-x86_64, r-release-linux-x86_64

Version: 0.2.5
Check: dependencies in R code
Result: NOTE
    Namespace in Imports field not imported from: ‘EnvStats’
     All declared Imports should be used.
Flavors: r-devel-linux-x86_64-fedora-clang, r-devel-linux-x86_64-fedora-gcc, r-patched-solaris-x86, r-release-osx-x86_64, r-oldrel-osx-x86_64

Version: 0.2.5
Check: re-building of vignette outputs
Result: WARN
    Error(s) in re-building vignettes:
    --- re-building ‘introduction.Rmd’ using rmarkdown
    Quitting from lines 196-208 (introduction.Rmd)
    Error: processing vignette 'introduction.Rmd' failed with diagnostics:
    could not find function "rmaxstab"
    --- failed re-building ‘introduction.Rmd’
    
    SUMMARY: processing the following file failed:
     ‘introduction.Rmd’
    
    Error: Vignette re-building failed.
    Execution halted
Flavors: r-devel-linux-x86_64-fedora-clang, r-devel-linux-x86_64-fedora-gcc

Version: 0.2.5
Check: re-building of vignette outputs
Result: WARN
    Error(s) in re-building vignettes:
     ...
    --- re-building ‘introduction.Rmd’ using rmarkdown
    Warning in engine$weave(file, quiet = quiet, encoding = enc) :
     The vignette engine knitr::rmarkdown is not available, because the rmarkdown package is not installed. Please install it.
    Quitting from lines 196-208 (introduction.Rmd)
    Error: processing vignette 'introduction.Rmd' failed with diagnostics:
    could not find function "rmaxstab"
    --- failed re-building ‘introduction.Rmd’
    
    SUMMARY: processing the following file failed:
     ‘introduction.Rmd’
    
    Error: Vignette re-building failed.
    Execution halted
Flavor: r-patched-solaris-x86