Last updated on 2020-01-20 01:50:20 CET.
Flavor | Version | Tinstall | Tcheck | Ttotal | Status | Flags |
---|---|---|---|---|---|---|
r-devel-linux-x86_64-debian-clang | 1.1.0 | 10.20 | 391.18 | 401.38 | OK | |
r-devel-linux-x86_64-debian-gcc | 1.1.0 | 8.54 | 276.46 | 285.00 | OK | |
r-devel-linux-x86_64-fedora-clang | 1.1.0 | 430.70 | OK | |||
r-devel-linux-x86_64-fedora-gcc | 1.1.0 | 278.85 | OK | |||
r-devel-windows-ix86+x86_64 | 1.1.0 | 29.00 | 449.00 | 478.00 | OK | |
r-devel-windows-ix86+x86_64-gcc8 | 1.1.0 | 18.00 | 430.00 | 448.00 | OK | |
r-patched-linux-x86_64 | 1.1.0 | 7.92 | 326.59 | 334.51 | OK | |
r-patched-solaris-x86 | 1.1.0 | 560.60 | OK | |||
r-release-linux-x86_64 | 1.1.0 | 7.26 | 436.60 | 443.86 | OK | |
r-release-windows-ix86+x86_64 | 1.1.0 | 26.00 | 405.00 | 431.00 | OK | |
r-release-osx-x86_64 | 1.1.0 | OK | ||||
r-oldrel-windows-ix86+x86_64 | 1.0.3 | 9.00 | 256.00 | 265.00 | OK | |
r-oldrel-osx-x86_64 | 1.1.0 | ERROR |
Version: 1.1.0
Check: whether package can be installed
Result: ERROR
Installation failed.
Flavor: r-oldrel-osx-x86_64