Last updated on 2020-01-20 01:50:20 CET.
Flavor | Version | Tinstall | Tcheck | Ttotal | Status | Flags |
---|---|---|---|---|---|---|
r-devel-linux-x86_64-debian-clang | 0.2-6 | 36.74 | 323.83 | 360.57 | NOTE | |
r-devel-linux-x86_64-debian-gcc | 0.2-6 | 27.63 | 230.99 | 258.62 | NOTE | |
r-devel-linux-x86_64-fedora-clang | 0.2-6 | 413.88 | NOTE | |||
r-devel-linux-x86_64-fedora-gcc | 0.2-6 | 401.36 | NOTE | |||
r-devel-windows-ix86+x86_64 | 0.2-6 | 106.00 | 572.00 | 678.00 | OK | |
r-devel-windows-ix86+x86_64-gcc8 | 0.2-6 | 84.00 | 757.00 | 841.00 | OK | |
r-patched-linux-x86_64 | 0.2-6 | 28.09 | 276.23 | 304.32 | OK | |
r-patched-solaris-x86 | 0.2-6 | 466.10 | NOTE | |||
r-release-linux-x86_64 | 0.2-6 | 30.52 | 272.58 | 303.10 | OK | |
r-release-windows-ix86+x86_64 | 0.2-6 | 101.00 | 651.00 | 752.00 | OK | |
r-release-osx-x86_64 | 0.2-6 | NOTE | ||||
r-oldrel-windows-ix86+x86_64 | 0.2-6 | 55.00 | 513.00 | 568.00 | OK | |
r-oldrel-osx-x86_64 | 0.2-6 | NOTE |
Version: 0.2-6
Check: for non-standard things in the check directory
Result: NOTE
Found the following files/directories:
'matrix.csv'
Flavors: r-devel-linux-x86_64-debian-clang, r-devel-linux-x86_64-debian-gcc, r-devel-linux-x86_64-fedora-clang, r-devel-linux-x86_64-fedora-gcc
Version: 0.2-6
Check: dependencies in R code
Result: NOTE
Namespace in Imports field not imported from: ‘Rcpp’
All declared Imports should be used.
Flavors: r-devel-linux-x86_64-fedora-clang, r-devel-linux-x86_64-fedora-gcc, r-patched-solaris-x86, r-release-osx-x86_64, r-oldrel-osx-x86_64