CRAN Package Check Results for Package exuber

Last updated on 2020-01-20 01:50:20 CET.

Flavor Version Tinstall Tcheck Ttotal Status Flags
r-devel-linux-x86_64-debian-clang 0.3.0 38.74 160.45 199.19 OK
r-devel-linux-x86_64-debian-gcc 0.3.0 26.13 132.26 158.39 OK
r-devel-linux-x86_64-fedora-clang 0.3.0 238.09 OK
r-devel-linux-x86_64-fedora-gcc 0.3.0 248.66 OK
r-devel-windows-ix86+x86_64 0.3.0 103.00 323.00 426.00 OK
r-devel-windows-ix86+x86_64-gcc8 0.3.0 93.00 319.00 412.00 NOTE
r-patched-linux-x86_64 0.3.0 33.35 157.65 191.00 OK
r-patched-solaris-x86 0.3.0 304.60 OK
r-release-linux-x86_64 0.3.0 31.57 157.26 188.83 OK
r-release-windows-ix86+x86_64 0.3.0 102.00 327.00 429.00 OK
r-release-osx-x86_64 0.3.0 OK
r-oldrel-windows-ix86+x86_64 0.3.0 65.00 223.00 288.00 OK
r-oldrel-osx-x86_64 0.3.0 OK

Check Details

Version: 0.3.0
Check: installed package size
Result: NOTE
     installed size is 5.1Mb
     sub-directories of 1Mb or more:
     data 2.5Mb
     libs 2.1Mb
Flavor: r-devel-windows-ix86+x86_64-gcc8