CRAN Package Check Results for Package eyetrackingR

Last updated on 2020-01-20 01:50:20 CET.

Flavor Version Tinstall Tcheck Ttotal Status Flags
r-devel-linux-x86_64-debian-clang 0.1.8 8.90 360.77 369.67 OK
r-devel-linux-x86_64-debian-gcc 0.1.8 7.03 271.36 278.39 OK
r-devel-linux-x86_64-fedora-clang 0.1.8 413.73 OK
r-devel-linux-x86_64-fedora-gcc 0.1.8 414.49 OK
r-devel-windows-ix86+x86_64 0.1.8 30.00 463.00 493.00 NOTE
r-devel-windows-ix86+x86_64-gcc8 0.1.8 24.00 460.00 484.00 NOTE
r-patched-linux-x86_64 0.1.8 7.48 315.35 322.83 OK
r-patched-solaris-x86 0.1.8 555.20 OK
r-release-linux-x86_64 0.1.8 7.83 312.90 320.73 OK
r-release-windows-ix86+x86_64 0.1.8 26.00 424.00 450.00 NOTE
r-release-osx-x86_64 0.1.8 OK
r-oldrel-windows-ix86+x86_64 0.1.8 9.00 323.00 332.00 NOTE
r-oldrel-osx-x86_64 0.1.8 OK

Check Details

Version: 0.1.8
Check: package dependencies
Result: NOTE
    Package suggested but not available for checking: 'doMC'
Flavors: r-devel-windows-ix86+x86_64, r-devel-windows-ix86+x86_64-gcc8, r-release-windows-ix86+x86_64, r-oldrel-windows-ix86+x86_64