Last updated on 2020-01-20 01:50:20 CET.
Flavor | Version | Tinstall | Tcheck | Ttotal | Status | Flags |
---|---|---|---|---|---|---|
r-devel-linux-x86_64-debian-clang | 3042.89 | 81.59 | 160.08 | 241.67 | OK | |
r-devel-linux-x86_64-debian-gcc | 3042.89 | 65.88 | 120.71 | 186.59 | OK | |
r-devel-linux-x86_64-fedora-clang | 3042.89 | 296.64 | NOTE | |||
r-devel-linux-x86_64-fedora-gcc | 3042.89 | 270.85 | NOTE | |||
r-devel-windows-ix86+x86_64 | 3042.89 | 128.00 | 199.00 | 327.00 | OK | |
r-devel-windows-ix86+x86_64-gcc8 | 3042.89 | 95.00 | 263.00 | 358.00 | OK | |
r-patched-linux-x86_64 | 3042.89 | 62.19 | 141.32 | 203.51 | OK | |
r-patched-solaris-x86 | 3042.89 | 391.60 | OK | |||
r-release-linux-x86_64 | 3042.89 | 63.94 | 141.87 | 205.81 | OK | |
r-release-windows-ix86+x86_64 | 3042.89 | 115.00 | 195.00 | 310.00 | OK | |
r-release-osx-x86_64 | 3042.89 | OK | ||||
r-oldrel-windows-ix86+x86_64 | 3042.89 | 76.00 | 238.00 | 314.00 | OK | |
r-oldrel-osx-x86_64 | 3042.89 | OK |
Version: 3042.89
Check: compiled code
Result: NOTE
File ‘fBasics/libs/fBasics.so’:
Found no calls to: ‘R_registerRoutines’, ‘R_useDynamicSymbols’
It is good practice to register native routines and to disable symbol
search.
See ‘Writing portable packages’ in the ‘Writing R Extensions’ manual.
Flavors: r-devel-linux-x86_64-fedora-clang, r-devel-linux-x86_64-fedora-gcc