Last updated on 2020-01-20 01:50:21 CET.
Flavor | Version | Tinstall | Tcheck | Ttotal | Status | Flags |
---|---|---|---|---|---|---|
r-devel-linux-x86_64-debian-clang | 3042.79 | 7.23 | 53.65 | 60.88 | OK | |
r-devel-linux-x86_64-debian-gcc | 3042.79 | 6.33 | 41.94 | 48.27 | OK | |
r-devel-linux-x86_64-fedora-clang | 3042.79 | 71.34 | NOTE | |||
r-devel-linux-x86_64-fedora-gcc | 3042.79 | 67.76 | NOTE | |||
r-devel-windows-ix86+x86_64 | 3042.79 | 18.00 | 74.00 | 92.00 | OK | |
r-devel-windows-ix86+x86_64-gcc8 | 3042.79 | 15.00 | 103.00 | 118.00 | OK | |
r-patched-linux-x86_64 | 3042.79 | 6.13 | 47.95 | 54.08 | OK | |
r-patched-solaris-x86 | 3042.79 | 89.80 | OK | |||
r-release-linux-x86_64 | 3042.79 | 5.85 | 48.10 | 53.95 | OK | |
r-release-windows-ix86+x86_64 | 3042.79 | 19.00 | 71.00 | 90.00 | OK | |
r-release-osx-x86_64 | 3042.79 | OK | ||||
r-oldrel-windows-ix86+x86_64 | 3042.79 | 10.00 | 93.00 | 103.00 | OK | |
r-oldrel-osx-x86_64 | 3042.79 | OK |
Version: 3042.79
Check: compiled code
Result: NOTE
File ‘fUnitRoots/libs/fUnitRoots.so’:
Found no calls to: ‘R_registerRoutines’, ‘R_useDynamicSymbols’
It is good practice to register native routines and to disable symbol
search.
See ‘Writing portable packages’ in the ‘Writing R Extensions’ manual.
Flavors: r-devel-linux-x86_64-fedora-clang, r-devel-linux-x86_64-fedora-gcc