CRAN Package Check Results for Package fanc

Last updated on 2020-01-20 01:50:20 CET.

Flavor Version Tinstall Tcheck Ttotal Status Flags
r-devel-linux-x86_64-debian-clang 2.2 13.09 61.00 74.09 OK
r-devel-linux-x86_64-debian-gcc 2.2 8.70 47.46 56.16 OK
r-devel-linux-x86_64-fedora-clang 2.2 87.37 NOTE
r-devel-linux-x86_64-fedora-gcc 2.2 84.65 NOTE
r-devel-windows-ix86+x86_64 2.2 34.00 90.00 124.00 OK
r-devel-windows-ix86+x86_64-gcc8 2.2 21.00 122.00 143.00 OK
r-patched-linux-x86_64 2.2 7.64 53.86 61.50 OK
r-patched-solaris-x86 2.2 116.70 OK
r-release-linux-x86_64 2.2 10.24 53.46 63.70 OK
r-release-windows-ix86+x86_64 2.2 30.00 89.00 119.00 OK
r-release-osx-x86_64 2.2 OK
r-oldrel-windows-ix86+x86_64 2.2 16.00 109.00 125.00 OK
r-oldrel-osx-x86_64 2.2 OK

Check Details

Version: 2.2
Check: compiled code
Result: NOTE
    File ‘fanc/libs/fanc.so’:
     Found no calls to: ‘R_registerRoutines’, ‘R_useDynamicSymbols’
    
    It is good practice to register native routines and to disable symbol
    search.
    
    See ‘Writing portable packages’ in the ‘Writing R Extensions’ manual.
Flavors: r-devel-linux-x86_64-fedora-clang, r-devel-linux-x86_64-fedora-gcc