Last updated on 2020-01-20 01:50:20 CET.
Flavor | Version | Tinstall | Tcheck | Ttotal | Status | Flags |
---|---|---|---|---|---|---|
r-devel-linux-x86_64-debian-clang | 1.2.15 | 3.25 | 24.60 | 27.85 | OK | |
r-devel-linux-x86_64-debian-gcc | 1.2.15 | 2.60 | 19.14 | 21.74 | OK | |
r-devel-linux-x86_64-fedora-clang | 1.2.15 | 34.25 | NOTE | |||
r-devel-linux-x86_64-fedora-gcc | 1.2.15 | 33.51 | NOTE | |||
r-devel-windows-ix86+x86_64 | 1.2.15 | 11.00 | 52.00 | 63.00 | OK | |
r-devel-windows-ix86+x86_64-gcc8 | 1.2.15 | 9.00 | 58.00 | 67.00 | OK | |
r-patched-linux-x86_64 | 1.2.15 | 2.31 | 22.34 | 24.65 | OK | |
r-patched-solaris-x86 | 1.2.15 | 47.10 | OK | |||
r-release-linux-x86_64 | 1.2.15 | 2.69 | 22.62 | 25.31 | OK | |
r-release-windows-ix86+x86_64 | 1.2.15 | 7.00 | 56.00 | 63.00 | OK | |
r-release-osx-x86_64 | 1.2.15 | OK | ||||
r-oldrel-windows-ix86+x86_64 | 1.2.15 | 5.00 | 39.00 | 44.00 | OK | |
r-oldrel-osx-x86_64 | 1.2.15 | OK |
Version: 1.2.15
Check: compiled code
Result: NOTE
File ‘fdrtool/libs/fdrtool.so’:
Found no calls to: ‘R_registerRoutines’, ‘R_useDynamicSymbols’
It is good practice to register native routines and to disable symbol
search.
See ‘Writing portable packages’ in the ‘Writing R Extensions’ manual.
Flavors: r-devel-linux-x86_64-fedora-clang, r-devel-linux-x86_64-fedora-gcc