Last updated on 2020-01-20 01:50:20 CET.
Flavor | Version | Tinstall | Tcheck | Ttotal | Status | Flags |
---|---|---|---|---|---|---|
r-devel-linux-x86_64-debian-clang | 0.2.2 | 1.44 | 28.47 | 29.91 | OK | |
r-devel-linux-x86_64-debian-gcc | 0.2.2 | 1.53 | 22.62 | 24.15 | OK | |
r-devel-linux-x86_64-fedora-clang | 0.2.2 | 38.64 | NOTE | |||
r-devel-linux-x86_64-fedora-gcc | 0.2.2 | 36.95 | NOTE | |||
r-devel-windows-ix86+x86_64 | 0.2.2 | 8.00 | 68.00 | 76.00 | OK | |
r-devel-windows-ix86+x86_64-gcc8 | 0.2.2 | 5.00 | 58.00 | 63.00 | OK | |
r-patched-linux-x86_64 | 0.2.2 | 1.30 | 26.56 | 27.86 | OK | |
r-patched-solaris-x86 | 0.2.2 | 54.60 | NOTE | |||
r-release-linux-x86_64 | 0.2.2 | 1.29 | 26.79 | 28.08 | OK | |
r-release-windows-ix86+x86_64 | 0.2.2 | 6.00 | 56.00 | 62.00 | OK | |
r-release-osx-x86_64 | 0.2.2 | NOTE | ||||
r-oldrel-windows-ix86+x86_64 | 0.2.2 | 2.00 | 42.00 | 44.00 | OK | |
r-oldrel-osx-x86_64 | 0.2.2 | NOTE |
Version: 0.2.2
Check: dependencies in R code
Result: NOTE
Namespace in Imports field not imported from: ‘prettycode’
All declared Imports should be used.
Flavors: r-devel-linux-x86_64-fedora-clang, r-devel-linux-x86_64-fedora-gcc, r-patched-solaris-x86, r-release-osx-x86_64, r-oldrel-osx-x86_64