Last updated on 2020-01-20 01:50:21 CET.
Flavor | Version | Tinstall | Tcheck | Ttotal | Status | Flags |
---|---|---|---|---|---|---|
r-devel-linux-x86_64-debian-clang | 1.1.0 | 4.65 | 39.54 | 44.19 | OK | |
r-devel-linux-x86_64-debian-gcc | 1.1.0 | 3.10 | 30.73 | 33.83 | OK | |
r-devel-linux-x86_64-fedora-clang | 1.1.0 | 53.66 | OK | |||
r-devel-linux-x86_64-fedora-gcc | 1.1.0 | 54.65 | OK | |||
r-devel-windows-ix86+x86_64 | 1.1.0 | 20.00 | 74.00 | 94.00 | OK | |
r-devel-windows-ix86+x86_64-gcc8 | 1.1.0 | 13.00 | 75.00 | 88.00 | OK | |
r-patched-linux-x86_64 | 1.1.0 | 3.21 | 35.41 | 38.62 | OK | |
r-patched-solaris-x86 | 1.1.0 | 74.90 | NOTE | |||
r-release-linux-x86_64 | 1.1.0 | 3.26 | 34.86 | 38.12 | OK | |
r-release-windows-ix86+x86_64 | 1.1.0 | 12.00 | 84.00 | 96.00 | OK | |
r-release-osx-x86_64 | 1.1.0 | OK | ||||
r-oldrel-windows-ix86+x86_64 | 1.1.0 | 6.00 | 46.00 | 52.00 | OK | |
r-oldrel-osx-x86_64 | 1.1.0 | NOTE |
Version: 1.1.0
Check: package dependencies
Result: NOTE
Package suggested but not available for checking: ‘multipanelfigure’
Flavors: r-patched-solaris-x86, r-oldrel-osx-x86_64