Last updated on 2020-01-20 01:50:21 CET.
Flavor | Version | Tinstall | Tcheck | Ttotal | Status | Flags |
---|---|---|---|---|---|---|
r-devel-linux-x86_64-debian-clang | 0.1.0 | 7.34 | 209.73 | 217.07 | OK | |
r-devel-linux-x86_64-debian-gcc | 0.1.0 | 6.25 | 166.30 | 172.55 | OK | |
r-devel-linux-x86_64-fedora-clang | 0.1.0 | 262.27 | NOTE | |||
r-devel-linux-x86_64-fedora-gcc | 0.1.0 | 264.66 | NOTE | |||
r-devel-windows-ix86+x86_64 | 0.1.0 | 34.00 | 310.00 | 344.00 | OK | |
r-devel-windows-ix86+x86_64-gcc8 | 0.1.0 | 22.00 | 340.00 | 362.00 | OK | |
r-patched-linux-x86_64 | 0.1.0 | 4.80 | 208.36 | 213.16 | OK | |
r-patched-solaris-x86 | 0.1.0 | 393.80 | NOTE | |||
r-release-linux-x86_64 | 0.1.0 | 5.95 | 208.67 | 214.62 | OK | |
r-release-windows-ix86+x86_64 | 0.1.0 | 26.00 | 314.00 | 340.00 | OK | |
r-release-osx-x86_64 | 0.1.0 | NOTE | ||||
r-oldrel-windows-ix86+x86_64 | 0.1.0 | 9.00 | 241.00 | 250.00 | OK | |
r-oldrel-osx-x86_64 | 0.1.0 | NOTE |
Version: 0.1.0
Check: dependencies in R code
Result: NOTE
Namespace in Imports field not imported from: ‘grid’
All declared Imports should be used.
Flavors: r-devel-linux-x86_64-fedora-clang, r-devel-linux-x86_64-fedora-gcc, r-patched-solaris-x86, r-release-osx-x86_64, r-oldrel-osx-x86_64