CRAN Package Check Results for Package fractional

Last updated on 2020-01-20 01:50:21 CET.

Flavor Version Tinstall Tcheck Ttotal Status Flags
r-devel-linux-x86_64-debian-clang 0.1.3 17.35 32.45 49.80 OK
r-devel-linux-x86_64-debian-gcc 0.1.3 11.30 25.95 37.25 OK
r-devel-linux-x86_64-fedora-clang 0.1.3 66.18 NOTE
r-devel-linux-x86_64-fedora-gcc 0.1.3 61.54 NOTE
r-devel-windows-ix86+x86_64 0.1.3 54.00 88.00 142.00 OK
r-devel-windows-ix86+x86_64-gcc8 0.1.3 36.00 83.00 119.00 OK
r-patched-linux-x86_64 0.1.3 11.98 29.99 41.97 OK
r-patched-solaris-x86 0.1.3 73.40 OK
r-release-linux-x86_64 0.1.3 12.01 30.06 42.07 OK
r-release-windows-ix86+x86_64 0.1.3 52.00 78.00 130.00 OK
r-release-osx-x86_64 0.1.3 OK
r-oldrel-windows-ix86+x86_64 0.1.3 28.00 58.00 86.00 OK
r-oldrel-osx-x86_64 0.1.3 OK

Check Details

Version: 0.1.3
Check: compiled code
Result: NOTE
    File ‘fractional/libs/fractional.so’:
     Found no calls to: ‘R_registerRoutines’, ‘R_useDynamicSymbols’
    
    It is good practice to register native routines and to disable symbol
    search.
    
    See ‘Writing portable packages’ in the ‘Writing R Extensions’ manual.
Flavors: r-devel-linux-x86_64-fedora-clang, r-devel-linux-x86_64-fedora-gcc