Last updated on 2020-01-20 01:50:21 CET.
Flavor | Version | Tinstall | Tcheck | Ttotal | Status | Flags |
---|---|---|---|---|---|---|
r-devel-linux-x86_64-debian-clang | 1.0.0 | 2.81 | 38.59 | 41.40 | OK | |
r-devel-linux-x86_64-debian-gcc | 1.0.0 | 2.02 | 30.92 | 32.94 | OK | |
r-devel-linux-x86_64-fedora-clang | 1.0.0 | 51.63 | NOTE | |||
r-devel-linux-x86_64-fedora-gcc | 1.0.0 | 51.35 | NOTE | |||
r-devel-windows-ix86+x86_64 | 1.0.0 | 12.00 | 80.00 | 92.00 | OK | |
r-devel-windows-ix86+x86_64-gcc8 | 1.0.0 | 9.00 | 76.00 | 85.00 | OK | |
r-patched-linux-x86_64 | 1.0.0 | 2.47 | 36.14 | 38.61 | OK | |
r-patched-solaris-x86 | 1.0.0 | 63.70 | NOTE | |||
r-release-linux-x86_64 | 1.0.0 | 2.65 | 36.29 | 38.94 | OK | |
r-release-windows-ix86+x86_64 | 1.0.0 | 8.00 | 79.00 | 87.00 | OK | |
r-release-osx-x86_64 | 1.0.0 | NOTE | ||||
r-oldrel-windows-ix86+x86_64 | 1.0.0 | 5.00 | 50.00 | 55.00 | OK | |
r-oldrel-osx-x86_64 | 1.0.0 | NOTE |
Version: 1.0.0
Check: data for non-ASCII characters
Result: NOTE
Note: found 1 marked UTF-8 string
Flavors: r-devel-linux-x86_64-fedora-clang, r-devel-linux-x86_64-fedora-gcc, r-patched-solaris-x86, r-release-osx-x86_64, r-oldrel-osx-x86_64