CRAN Package Check Results for Package fscaret

Last updated on 2020-01-20 01:50:21 CET.

Flavor Version Tinstall Tcheck Ttotal Status Flags
r-devel-linux-x86_64-debian-clang 0.9.4.4 15.58 119.37 134.95 OK
r-devel-linux-x86_64-debian-gcc 0.9.4.4 13.87 92.02 105.89 OK
r-devel-linux-x86_64-fedora-clang 0.9.4.4 165.73 OK
r-devel-linux-x86_64-fedora-gcc 0.9.4.4 161.90 OK
r-devel-windows-ix86+x86_64 0.9.4.4 54.00 204.00 258.00 OK
r-devel-windows-ix86+x86_64-gcc8 0.9.4.4 39.00 189.00 228.00 OK
r-patched-linux-x86_64 0.9.4.4 13.35 106.41 119.76 OK
r-patched-solaris-x86 0.9.4.4 231.20 NOTE
r-release-linux-x86_64 0.9.4.4 12.32 106.96 119.28 OK
r-release-windows-ix86+x86_64 0.9.4.4 43.00 173.00 216.00 OK
r-release-osx-x86_64 0.9.4.4 OK
r-oldrel-windows-ix86+x86_64 0.9.4.4 21.00 117.00 138.00 OK
r-oldrel-osx-x86_64 0.9.4.4 OK

Check Details

Version: 0.9.4.4
Check: package dependencies
Result: NOTE
    Package suggested but not available for checking: ‘RWeka’
Flavor: r-patched-solaris-x86