CRAN Package Check Results for Package ftDK

Last updated on 2020-01-20 01:50:21 CET.

Flavor Version Tinstall Tcheck Ttotal Status Flags
r-devel-linux-x86_64-debian-clang 1.0 1.83 18.08 19.91 OK
r-devel-linux-x86_64-debian-gcc 1.0 1.22 14.52 15.74 OK
r-devel-linux-x86_64-fedora-clang 1.0 25.34 NOTE
r-devel-linux-x86_64-fedora-gcc 1.0 24.60 NOTE
r-devel-windows-ix86+x86_64 1.0 7.00 46.00 53.00 OK
r-devel-windows-ix86+x86_64-gcc8 1.0 6.00 45.00 51.00 OK
r-patched-linux-x86_64 1.0 1.28 16.71 17.99 OK
r-patched-solaris-x86 1.0 35.90 NOTE
r-release-linux-x86_64 1.0 1.44 16.66 18.10 OK
r-release-windows-ix86+x86_64 1.0 6.00 43.00 49.00 OK
r-release-osx-x86_64 1.0 NOTE
r-oldrel-windows-ix86+x86_64 1.0 2.00 30.00 32.00 OK
r-oldrel-osx-x86_64 1.0 NOTE

Check Details

Version: 1.0
Check: data for non-ASCII characters
Result: NOTE
     Note: found 39 marked UTF-8 strings
Flavors: r-devel-linux-x86_64-fedora-clang, r-devel-linux-x86_64-fedora-gcc, r-patched-solaris-x86, r-release-osx-x86_64, r-oldrel-osx-x86_64