CRAN Package Check Results for Package futility

Last updated on 2020-01-20 01:50:21 CET.

Flavor Version Tinstall Tcheck Ttotal Status Flags
r-devel-linux-x86_64-debian-clang 0.4 3.51 36.36 39.87 NOTE
r-devel-linux-x86_64-debian-gcc 0.4 2.99 28.43 31.42 NOTE
r-devel-linux-x86_64-fedora-clang 0.4 50.45 NOTE
r-devel-linux-x86_64-fedora-gcc 0.4 49.15 NOTE
r-devel-windows-ix86+x86_64 0.4 9.00 61.00 70.00 OK
r-devel-windows-ix86+x86_64-gcc8 0.4 7.00 73.00 80.00 OK
r-patched-linux-x86_64 0.4 2.60 33.11 35.71 OK
r-patched-solaris-x86 0.4 64.80 OK
r-release-linux-x86_64 0.4 3.04 32.97 36.01 OK
r-release-windows-ix86+x86_64 0.4 9.00 43.00 52.00 OK
r-release-osx-x86_64 0.4 OK
r-oldrel-windows-ix86+x86_64 0.4 3.00 43.00 46.00 OK
r-oldrel-osx-x86_64 0.4 OK

Check Details

Version: 0.4
Check: for non-standard things in the check directory
Result: NOTE
    Found the following files/directories:
     'completeTrial_byArm_eventPriorRateC3=0.001_eventPriorRateT1=0_eventPriorRateT2=0_eventPriorWt=0.5.RData'
     'completeTrial_byArm_eventPriorRateC3=0.06_eventPriorRateT1=0.03_eventPriorRateT2=0.03_eventPriorWt=0.2.RData'
     'completeTrial_byArm_eventPriorRateC3=0.06_eventPriorRateT1=0.03_eventPriorRateT2=0.03_eventPriorWt=0.4.RData'
     'completeTrial_byArm_eventPriorRateC3=0.06_eventPriorRateT1=0.03_eventPriorRateT2=0.03_eventPriorWt=0.6.RData'
     'completeTrial_pooled_eventPriorRate=0.001_eventPriorWt=0.5.RData'
     'completeTrial_pooled_eventPriorRate=0.06_eventPriorWt=0.2.RData'
     'completeTrial_pooled_eventPriorRate=0.06_eventPriorWt=0.4.RData'
     'completeTrial_pooled_eventPriorRate=0.06_eventPriorWt=0.6.RData'
     'rcdf_byArm_arm=T1_eventPriorRateC3=0.06_eventPriorRateT1=0.03_eventPriorRateT2=0.03.pdf'
     'rcdf_pooled_eventPriorRate=0.06.pdf'
Flavors: r-devel-linux-x86_64-debian-clang, r-devel-linux-x86_64-debian-gcc, r-devel-linux-x86_64-fedora-clang, r-devel-linux-x86_64-fedora-gcc