Last updated on 2020-01-20 01:50:21 CET.
Flavor | Version | Tinstall | Tcheck | Ttotal | Status | Flags |
---|---|---|---|---|---|---|
r-devel-linux-x86_64-debian-clang | 0.1.0 | 14.16 | 119.69 | 133.85 | NOTE | |
r-devel-linux-x86_64-debian-gcc | 0.1.0 | 12.89 | 90.79 | 103.68 | NOTE | |
r-devel-linux-x86_64-fedora-clang | 0.1.0 | 157.31 | OK | |||
r-devel-linux-x86_64-fedora-gcc | 0.1.0 | 156.48 | OK | |||
r-devel-windows-ix86+x86_64 | 0.1.0 | 48.00 | 169.00 | 217.00 | NOTE | |
r-devel-windows-ix86+x86_64-gcc8 | 0.1.0 | 31.00 | 183.00 | 214.00 | NOTE | |
r-patched-linux-x86_64 | 0.1.0 | 12.34 | 106.11 | 118.45 | OK | |
r-patched-solaris-x86 | 0.1.0 | 201.80 | OK | |||
r-release-linux-x86_64 | 0.1.0 | 12.60 | 108.00 | 120.60 | OK | |
r-release-windows-ix86+x86_64 | 0.1.0 | 42.00 | 110.00 | 152.00 | OK | |
r-release-osx-x86_64 | 0.1.0 | OK | ||||
r-oldrel-windows-ix86+x86_64 | 0.1.0 | 14.00 | 114.00 | 128.00 | OK | |
r-oldrel-osx-x86_64 | 0.1.0 | OK |
Version: 0.1.0
Check: package vignettes
Result: NOTE
Package vignette with placeholder title 'Vignette Title':
'Introduction.Rmd'
Flavors: r-devel-linux-x86_64-debian-clang, r-devel-linux-x86_64-debian-gcc, r-devel-windows-ix86+x86_64, r-devel-windows-ix86+x86_64-gcc8