CRAN Package Check Results for Package gender

Last updated on 2020-01-20 01:50:21 CET.

Flavor Version Tinstall Tcheck Ttotal Status Flags
r-devel-linux-x86_64-debian-clang 0.5.3 4.10 41.52 45.62 NOTE
r-devel-linux-x86_64-debian-gcc 0.5.3 3.69 32.76 36.45 NOTE
r-devel-linux-x86_64-fedora-clang 0.5.3 56.59 NOTE
r-devel-linux-x86_64-fedora-gcc 0.5.3 52.78 NOTE
r-devel-windows-ix86+x86_64 0.5.3 16.00 71.00 87.00 NOTE
r-devel-windows-ix86+x86_64-gcc8 0.5.3 10.00 80.00 90.00 NOTE
r-patched-linux-x86_64 0.5.3 3.29 37.04 40.33 NOTE
r-patched-solaris-x86 0.5.3 73.90 NOTE
r-release-linux-x86_64 0.5.3 3.39 37.13 40.52 NOTE
r-release-windows-ix86+x86_64 0.5.3 16.00 67.00 83.00 NOTE
r-release-osx-x86_64 0.5.3 NOTE
r-oldrel-windows-ix86+x86_64 0.5.3 5.00 47.00 52.00 NOTE
r-oldrel-osx-x86_64 0.5.3 NOTE

Check Details

Version: 0.5.3
Check: package dependencies
Result: NOTE
    Package suggested but not available for checking: 'genderdata'
Flavors: r-devel-linux-x86_64-debian-clang, r-devel-linux-x86_64-debian-gcc, r-devel-linux-x86_64-fedora-clang, r-devel-linux-x86_64-fedora-gcc, r-devel-windows-ix86+x86_64, r-devel-windows-ix86+x86_64-gcc8, r-patched-linux-x86_64, r-patched-solaris-x86, r-release-linux-x86_64, r-release-windows-ix86+x86_64, r-release-osx-x86_64, r-oldrel-windows-ix86+x86_64, r-oldrel-osx-x86_64