Last updated on 2020-01-20 01:50:22 CET.
Flavor | Version | Tinstall | Tcheck | Ttotal | Status | Flags |
---|---|---|---|---|---|---|
r-devel-linux-x86_64-debian-clang | 0.6.3 | 27.45 | 49.15 | 76.60 | OK | |
r-devel-linux-x86_64-debian-gcc | 0.6.3 | 26.39 | 38.01 | 64.40 | OK | |
r-devel-linux-x86_64-fedora-clang | 0.6.3 | 105.80 | NOTE | |||
r-devel-linux-x86_64-fedora-gcc | 0.6.3 | 108.34 | OK | |||
r-devel-windows-ix86+x86_64 | 0.6.3 | 125.00 | 80.00 | 205.00 | OK | |
r-devel-windows-ix86+x86_64-gcc8 | 0.6.3 | 85.00 | 102.00 | 187.00 | OK | |
r-patched-linux-x86_64 | 0.6.3 | 31.13 | 44.25 | 75.38 | OK | |
r-patched-solaris-x86 | 0.6.3 | 120.20 | OK | |||
r-release-linux-x86_64 | 0.6.3 | 29.03 | 44.52 | 73.55 | OK | |
r-release-windows-ix86+x86_64 | 0.6.3 | 116.00 | 72.00 | 188.00 | OK | |
r-release-osx-x86_64 | 0.6.3 | OK | ||||
r-oldrel-windows-ix86+x86_64 | 0.6.3 | 87.00 | 71.00 | 158.00 | OK | |
r-oldrel-osx-x86_64 | 0.6.3 | OK |
Version: 0.6.3
Check: package dependencies
Result: NOTE
Suggests orphaned package: ‘geoR’
Flavor: r-devel-linux-x86_64-fedora-clang