CRAN Package Check Results for Package geobr

Last updated on 2020-01-20 01:50:22 CET.

Flavor Version Tinstall Tcheck Ttotal Status Flags
r-devel-linux-x86_64-debian-clang 1.1 6.04 53.63 59.67 OK
r-devel-linux-x86_64-debian-gcc 1.1 5.23 41.81 47.04 OK
r-devel-linux-x86_64-fedora-clang 1.1 74.89 NOTE
r-devel-linux-x86_64-fedora-gcc 1.1 74.23 NOTE
r-devel-windows-ix86+x86_64 1.1 23.00 148.00 171.00 NOTE
r-devel-windows-ix86+x86_64-gcc8 1.1 20.00 152.00 172.00 NOTE
r-patched-linux-x86_64 1.1 5.61 49.64 55.25 OK
r-patched-solaris-x86 1.1 108.40 NOTE
r-release-linux-x86_64 1.1 5.38 49.68 55.06 OK
r-release-windows-ix86+x86_64 1.1 20.00 163.00 183.00 ERROR
r-release-osx-x86_64 1.1 NOTE
r-oldrel-windows-ix86+x86_64 1.1 13.00 114.00 127.00 NOTE
r-oldrel-osx-x86_64 1.1 NOTE

Check Details

Version: 1.1
Check: installed package size
Result: NOTE
     installed size is 26.5Mb
     sub-directories of 1Mb or more:
     help 26.2Mb
Flavors: r-devel-linux-x86_64-fedora-clang, r-devel-windows-ix86+x86_64, r-devel-windows-ix86+x86_64-gcc8, r-patched-solaris-x86, r-release-windows-ix86+x86_64, r-release-osx-x86_64, r-oldrel-windows-ix86+x86_64, r-oldrel-osx-x86_64

Version: 1.1
Check: dependencies in R code
Result: NOTE
    Namespace in Imports field not imported from: ‘sf’
     All declared Imports should be used.
Flavors: r-devel-linux-x86_64-fedora-clang, r-devel-linux-x86_64-fedora-gcc, r-patched-solaris-x86, r-release-osx-x86_64, r-oldrel-osx-x86_64

Version: 1.1
Check: data for non-ASCII characters
Result: NOTE
     Note: found 58 marked UTF-8 strings
Flavors: r-devel-linux-x86_64-fedora-clang, r-devel-linux-x86_64-fedora-gcc, r-patched-solaris-x86, r-release-osx-x86_64, r-oldrel-osx-x86_64

Version: 1.1
Check: tests
Result: ERROR
     Running 'testthat.R' [14s]
    Running the tests in 'tests/testthat.R' failed.
    Complete output:
     > library(testthat)
     > library(geobr)
     Loading required namespace: sf
     >
     > test_check("geobr")
     -- 1. Error: download_metadata (@test-download_metadata.R#5) ------------------
     Timeout was reached: [www.ipea.gov.br] Connection timed out after 10011 milliseconds
     Backtrace:
     1. geobr::download_metadata()
     2. httr::GET(...)
     3. httr:::request_perform(req, hu$handle$handle)
     5. httr:::request_fetch.write_disk(req$output, req$url, handle)
     6. curl::curl_fetch_disk(url, x$path, handle = handle)
    
     -- 2. Error: read_amazon (@test-read_amazon.R#17) -----------------------------
     error reading from connection
     Backtrace:
     1. testthat::expect_message(read_amazon(year = NULL))
     6. geobr::read_amazon(year = NULL)
     7. geobr::download_metadata()
     8. readr::read_rds(tempf)
     9. base::readRDS(path)
    
     == testthat results ===========================================================
     [ OK: 2 | SKIPPED: 38 | WARNINGS: 0 | FAILED: 2 ]
     1. Error: download_metadata (@test-download_metadata.R#5)
     2. Error: read_amazon (@test-read_amazon.R#17)
    
     Error: testthat unit tests failed
     Execution halted
Flavor: r-release-windows-ix86+x86_64