Last updated on 2020-01-20 01:50:22 CET.
Flavor | Version | Tinstall | Tcheck | Ttotal | Status | Flags |
---|---|---|---|---|---|---|
r-devel-linux-x86_64-debian-clang | 0.2.0 | 9.03 | 70.82 | 79.85 | OK | |
r-devel-linux-x86_64-debian-gcc | 0.2.0 | 7.29 | 55.51 | 62.80 | OK | |
r-devel-linux-x86_64-fedora-clang | 0.2.0 | 95.97 | OK | |||
r-devel-linux-x86_64-fedora-gcc | 0.2.0 | 91.85 | OK | |||
r-devel-windows-ix86+x86_64 | 0.2.0 | 40.00 | 91.00 | 131.00 | OK | |
r-devel-windows-ix86+x86_64-gcc8 | 0.2.0 | 22.00 | 121.00 | 143.00 | OK | |
r-patched-linux-x86_64 | 0.2.0 | 8.03 | 63.36 | 71.39 | OK | |
r-patched-solaris-x86 | 0.2.0 | 128.30 | OK | |||
r-release-linux-x86_64 | 0.2.0 | 7.32 | 64.11 | 71.43 | OK | |
r-release-windows-ix86+x86_64 | 0.2.0 | 24.00 | 113.00 | 137.00 | OK | |
r-release-osx-x86_64 | 0.2.0 | WARN | ||||
r-oldrel-windows-ix86+x86_64 | 0.2.0 | 10.00 | 76.00 | 86.00 | OK | |
r-oldrel-osx-x86_64 | 0.2.0 | WARN |
Version: 0.2.0
Check: whether package can be installed
Result: WARN
Found the following significant warnings:
Warning: 'rgl_init' failed, running with rgl.useNULL = TRUE
Flavors: r-release-osx-x86_64, r-oldrel-osx-x86_64
Version: 0.2.0
Check: contents of ‘data’ directory
Result: WARN
Output for data("sinkhole", package = "geoelectrics"):
Warning messages:
1: In rgl.init(initValue, onlyNULL) : RGL: unable to open X11 display
2: 'rgl_init' failed, running with rgl.useNULL = TRUE
Flavor: r-release-osx-x86_64