Last updated on 2020-01-20 01:50:22 CET.
Flavor | Version | Tinstall | Tcheck | Ttotal | Status | Flags |
---|---|---|---|---|---|---|
r-devel-linux-x86_64-debian-clang | 0.4.5 | 37.62 | 51.45 | 89.07 | OK | |
r-devel-linux-x86_64-debian-gcc | 0.4.5 | 24.87 | 40.94 | 65.81 | OK | |
r-devel-linux-x86_64-fedora-clang | 0.4.5 | 115.25 | OK | |||
r-devel-linux-x86_64-fedora-gcc | 0.4.5 | 107.18 | OK | |||
r-devel-windows-ix86+x86_64 | 0.4.5 | 124.00 | 119.00 | 243.00 | OK | |
r-devel-windows-ix86+x86_64-gcc8 | 0.4.5 | 91.00 | 157.00 | 248.00 | OK | |
r-patched-linux-x86_64 | 0.4.5 | 28.29 | 47.09 | 75.38 | OK | |
r-patched-solaris-x86 | 0.4.5 | 122.90 | OK | |||
r-release-linux-x86_64 | 0.4.5 | 27.77 | 47.47 | 75.24 | OK | |
r-release-windows-ix86+x86_64 | 0.4.5 | 129.00 | 155.00 | 284.00 | OK | |
r-release-osx-x86_64 | 0.4.5 | NOTE | ||||
r-oldrel-windows-ix86+x86_64 | 0.4.5 | 95.00 | 106.00 | 201.00 | OK | |
r-oldrel-osx-x86_64 | 0.4.5 | NOTE |
Version: 0.4.5
Check: dependencies in R code
Result: NOTE
No protocol specified
Flavors: r-release-osx-x86_64, r-oldrel-osx-x86_64