CRAN Package Check Results for Package ggResidpanel

Last updated on 2020-01-20 01:50:22 CET.

Flavor Version Tinstall Tcheck Ttotal Status Flags
r-devel-linux-x86_64-debian-clang 0.3.0 8.96 150.42 159.38 OK
r-devel-linux-x86_64-debian-gcc 0.3.0 8.11 110.67 118.78 OK
r-devel-linux-x86_64-fedora-clang 0.3.0 178.68 OK
r-devel-linux-x86_64-fedora-gcc 0.3.0 174.65 OK
r-devel-windows-ix86+x86_64 0.3.0 40.00 240.00 280.00 OK
r-devel-windows-ix86+x86_64-gcc8 0.3.0 22.00 251.00 273.00 OK
r-patched-linux-x86_64 0.3.0 7.78 130.19 137.97 OK
r-patched-solaris-x86 0.3.0 217.60 WARN
r-release-linux-x86_64 0.3.0 7.61 130.31 137.92 OK
r-release-windows-ix86+x86_64 0.3.0 22.00 242.00 264.00 OK
r-release-osx-x86_64 0.3.0 WARN
r-oldrel-windows-ix86+x86_64 0.3.0 11.00 153.00 164.00 OK
r-oldrel-osx-x86_64 0.3.0 WARN

Check Details

Version: 0.3.0
Check: re-building of vignette outputs
Result: WARN
    Error(s) in re-building vignettes:
     ...
    --- re-building ‘introduction.Rmd’ using rmarkdown
    Warning in engine$weave(file, quiet = quiet, encoding = enc) :
     Pandoc (>= 1.12.3) and/or pandoc-citeproc not available. Falling back to R Markdown v1.
    
    Attaching package: 'dplyr'
    
    The following objects are masked from 'package:stats':
    
     filter, lag
    
    The following objects are masked from 'package:base':
    
     intersect, setdiff, setequal, union
    
    Loading required package: Matrix
    Quitting from lines 185-186 (introduction.Rmd)
    Error: processing vignette 'introduction.Rmd' failed with diagnostics:
    there is no package called 'webshot'
    --- failed re-building ‘introduction.Rmd’
    
    SUMMARY: processing the following file failed:
     ‘introduction.Rmd’
    
    Error: Vignette re-building failed.
    Execution halted
Flavor: r-patched-solaris-x86

Version: 0.3.0
Check: re-building of vignette outputs
Result: WARN
    Error(s) in re-building vignettes:
    --- re-building ‘introduction.Rmd’ using rmarkdown
    Warning in engine$weave(file, quiet = quiet, encoding = enc) :
     Pandoc (>= 1.12.3) and/or pandoc-citeproc not available. Falling back to R Markdown v1.
    
    Attaching package: 'dplyr'
    
    The following objects are masked from 'package:stats':
    
     filter, lag
    
    The following objects are masked from 'package:base':
    
     intersect, setdiff, setequal, union
    
    Loading required package: Matrix
    PhantomJS not found. You can install it with webshot::install_phantomjs(). If it is installed, please make sure the phantomjs executable can be found via the PATH variable.
    Quitting from lines 185-186 (introduction.Rmd)
    Error: processing vignette 'introduction.Rmd' failed with diagnostics:
    cannot open the connection
    --- failed re-building ‘introduction.Rmd’
    
    SUMMARY: processing the following file failed:
     ‘introduction.Rmd’
    
    Error: Vignette re-building failed.
    Execution halted
Flavor: r-release-osx-x86_64

Version: 0.3.0
Check: re-building of vignette outputs
Result: WARN
    Error in re-building vignettes:
     ...
    Warning in engine$weave(file, quiet = quiet, encoding = enc) :
     Pandoc (>= 1.12.3) and/or pandoc-citeproc not available. Falling back to R Markdown v1.
    
    Attaching package: 'dplyr'
    
    The following objects are masked from 'package:stats':
    
     filter, lag
    
    The following objects are masked from 'package:base':
    
     intersect, setdiff, setequal, union
    
    Loading required package: Matrix
    PhantomJS not found. You can install it with webshot::install_phantomjs(). If it is installed, please make sure the phantomjs executable can be found via the PATH variable.
    Quitting from lines 185-186 (introduction.Rmd)
    Error: processing vignette 'introduction.Rmd' failed with diagnostics:
    cannot open the connection
    Execution halted
Flavor: r-oldrel-osx-x86_64