Last updated on 2020-01-20 01:50:22 CET.
Flavor | Version | Tinstall | Tcheck | Ttotal | Status | Flags |
---|---|---|---|---|---|---|
r-devel-linux-x86_64-debian-clang | 3.0.0 | 11.09 | 66.18 | 77.27 | OK | |
r-devel-linux-x86_64-debian-gcc | 3.0.0 | 9.74 | 53.27 | 63.01 | OK | |
r-devel-linux-x86_64-fedora-clang | 3.0.0 | 94.96 | OK | |||
r-devel-linux-x86_64-fedora-gcc | 3.0.0 | 91.38 | OK | |||
r-devel-windows-ix86+x86_64 | 3.0.0 | 35.00 | 126.00 | 161.00 | OK | |
r-devel-windows-ix86+x86_64-gcc8 | 3.0.0 | 22.00 | 120.00 | 142.00 | OK | |
r-patched-linux-x86_64 | 3.0.0 | 10.70 | 58.16 | 68.86 | OK | |
r-patched-solaris-x86 | 3.0.0 | 127.70 | NOTE | |||
r-release-linux-x86_64 | 3.0.0 | 11.23 | 57.90 | 69.13 | OK | |
r-release-windows-ix86+x86_64 | 3.0.0 | 28.00 | 112.00 | 140.00 | OK | |
r-release-osx-x86_64 | 3.0.0 | OK | ||||
r-oldrel-windows-ix86+x86_64 | 3.0.0 | 14.00 | 76.00 | 90.00 | OK | |
r-oldrel-osx-x86_64 | 3.0.0 | OK |
Version: 3.0.0
Check: installed package size
Result: NOTE
installed size is 5.1Mb
sub-directories of 1Mb or more:
data 4.5Mb
Flavor: r-patched-solaris-x86