Last updated on 2020-01-20 01:50:22 CET.
Flavor | Version | Tinstall | Tcheck | Ttotal | Status | Flags |
---|---|---|---|---|---|---|
r-devel-linux-x86_64-debian-clang | 0.5.2 | 8.68 | 115.37 | 124.05 | OK | |
r-devel-linux-x86_64-debian-gcc | 0.5.2 | 7.13 | 84.16 | 91.29 | OK | |
r-devel-linux-x86_64-fedora-clang | 0.5.2 | 143.20 | NOTE | |||
r-devel-linux-x86_64-fedora-gcc | 0.5.2 | 147.76 | NOTE | |||
r-devel-windows-ix86+x86_64 | 0.5.2 | 24.00 | 199.00 | 223.00 | OK | |
r-devel-windows-ix86+x86_64-gcc8 | 0.5.2 | 14.00 | 185.00 | 199.00 | OK | |
r-patched-linux-x86_64 | 0.5.2 | 7.02 | 101.65 | 108.67 | OK | |
r-patched-solaris-x86 | 0.5.2 | 180.40 | NOTE | |||
r-release-linux-x86_64 | 0.5.2 | 7.34 | 101.51 | 108.85 | OK | |
r-release-windows-ix86+x86_64 | 0.5.2 | 22.00 | 180.00 | 202.00 | OK | |
r-release-osx-x86_64 | 0.5.2 | NOTE | ||||
r-oldrel-windows-ix86+x86_64 | 0.5.2 | 9.00 | 119.00 | 128.00 | OK | |
r-oldrel-osx-x86_64 | 0.5.2 | NOTE |
Version: 0.5.2
Check: data for non-ASCII characters
Result: NOTE
Note: found 6242 marked UTF-8 strings
Flavors: r-devel-linux-x86_64-fedora-clang, r-devel-linux-x86_64-fedora-gcc, r-patched-solaris-x86, r-release-osx-x86_64, r-oldrel-osx-x86_64