Last updated on 2020-01-20 01:50:22 CET.
Flavor | Version | Tinstall | Tcheck | Ttotal | Status | Flags |
---|---|---|---|---|---|---|
r-devel-linux-x86_64-debian-clang | 0.6.0 | 3.80 | 34.82 | 38.62 | OK | |
r-devel-linux-x86_64-debian-gcc | 0.6.0 | 3.21 | 26.72 | 29.93 | OK | |
r-devel-linux-x86_64-fedora-clang | 0.6.0 | 46.54 | OK | |||
r-devel-linux-x86_64-fedora-gcc | 0.6.0 | 45.34 | OK | |||
r-devel-windows-ix86+x86_64 | 0.6.0 | 13.00 | 71.00 | 84.00 | OK | |
r-devel-windows-ix86+x86_64-gcc8 | 0.6.0 | 10.00 | 65.00 | 75.00 | OK | |
r-patched-linux-x86_64 | 0.6.0 | 3.54 | 31.04 | 34.58 | OK | |
r-patched-solaris-x86 | 0.6.0 | 59.70 | OK | |||
r-release-linux-x86_64 | 0.6.0 | 3.51 | 31.41 | 34.92 | OK | |
r-release-windows-ix86+x86_64 | 0.6.0 | 11.00 | 68.00 | 79.00 | OK | |
r-release-osx-x86_64 | 0.6.0 | OK | ||||
r-oldrel-windows-ix86+x86_64 | 0.6.0 | 4.00 | 42.00 | 46.00 | WARN | |
r-oldrel-osx-x86_64 | 0.6.0 | OK |
Version: 0.6.0
Check: whether package can be installed
Result: WARN
Found the following significant warnings:
Warning: S3 methods '[.fun_list', '[.grouped_df', 'all.equal.tbl_df', 'anti_join.data.frame', 'anti_join.tbl_df', 'arrange.data.frame', 'arrange.default', 'arrange.grouped_df', 'arrange.tbl_df', 'arrange_.data.frame', 'arrange_.tbl_df', 'as.data.frame.grouped_df', 'as.data.frame.rowwise_df', 'as.data.frame.tbl_cube', 'as.table.tbl_cube', 'as.tbl.data.frame', 'as.tbl.tbl', 'as.tbl_cube.array', 'as.tbl_cube.data.frame', 'as.tbl_cube.matrix', 'as.tbl_cube.table', 'as_tibble.grouped_df', 'as_tibble.tbl_cube', 'auto_copy.tbl_cube', 'auto_copy.tbl_df', 'cbind.grouped_df', 'collapse.data.frame', 'collect.data.frame', 'common_by.NULL', 'common_by.character', 'common_by.default', 'common_by.list', 'compute.data.frame', 'copy_to.DBIConnection', 'copy_to.src_local', 'default_missing.data.frame', 'default_missing.default', 'dim.tbl_cube', 'distinct.data.frame', 'distinct.default', 'distinct.grouped_df', 'distinct.tbl_df', 'distinct_.data.frame', 'distinct_.grouped_df', 'distinct_.tbl_df', 'do.NULL', 'do.da [... truncated]
Flavor: r-oldrel-windows-ix86+x86_64