CRAN Package Check Results for Package ggthemes

Last updated on 2020-01-20 01:50:22 CET.

Flavor Version Tinstall Tcheck Ttotal Status Flags
r-devel-linux-x86_64-debian-clang 4.2.0 9.03 97.05 106.08 OK
r-devel-linux-x86_64-debian-gcc 4.2.0 6.84 71.42 78.26 OK
r-devel-linux-x86_64-fedora-clang 4.2.0 120.87 NOTE
r-devel-linux-x86_64-fedora-gcc 4.2.0 124.28 NOTE
r-devel-windows-ix86+x86_64 4.2.0 27.00 162.00 189.00 OK
r-devel-windows-ix86+x86_64-gcc8 4.2.0 15.00 162.00 177.00 OK
r-patched-linux-x86_64 4.2.0 7.24 84.53 91.77 OK
r-patched-solaris-x86 4.2.0 154.10 NOTE
r-release-linux-x86_64 4.2.0 7.40 83.31 90.71 OK
r-release-windows-ix86+x86_64 4.2.0 24.00 153.00 177.00 OK
r-release-osx-x86_64 4.2.0 NOTE
r-oldrel-windows-ix86+x86_64 4.2.0 11.00 97.00 108.00 OK
r-oldrel-osx-x86_64 4.2.0 NOTE

Check Details

Version: 4.2.0
Check: data for non-ASCII characters
Result: NOTE
     Note: found 138 marked UTF-8 strings
Flavors: r-devel-linux-x86_64-fedora-clang, r-devel-linux-x86_64-fedora-gcc, r-patched-solaris-x86, r-release-osx-x86_64, r-oldrel-osx-x86_64