CRAN Package Check Results for Package gmodels

Last updated on 2020-01-20 01:50:22 CET.

Flavor Version Tinstall Tcheck Ttotal Status Flags
r-devel-linux-x86_64-debian-clang 2.18.1 3.69 28.56 32.25 OK
r-devel-linux-x86_64-debian-gcc 2.18.1 2.88 22.67 25.55 OK
r-devel-linux-x86_64-fedora-clang 2.18.1 39.44 NOTE
r-devel-linux-x86_64-fedora-gcc 2.18.1 38.06 OK
r-devel-windows-ix86+x86_64 2.18.1 11.00 52.00 63.00 OK
r-devel-windows-ix86+x86_64-gcc8 2.18.1 8.00 58.00 66.00 OK
r-patched-linux-x86_64 2.18.1 2.40 26.42 28.82 OK
r-patched-solaris-x86 2.18.1 52.90 OK
r-release-linux-x86_64 2.18.1 3.20 26.29 29.49 OK
r-release-windows-ix86+x86_64 2.18.1 10.00 37.00 47.00 OK
r-release-osx-x86_64 2.18.1 OK
r-oldrel-windows-ix86+x86_64 2.18.1 5.00 39.00 44.00 OK
r-oldrel-osx-x86_64 2.18.1 OK

Check Details

Version: 2.18.1
Check: package dependencies
Result: NOTE
    Suggests orphaned package: ‘gplots’
Flavor: r-devel-linux-x86_64-fedora-clang