Last updated on 2020-01-20 01:50:22 CET.
Flavor | Version | Tinstall | Tcheck | Ttotal | Status | Flags |
---|---|---|---|---|---|---|
r-devel-linux-x86_64-debian-clang | 0.7-1 | 12.87 | 108.88 | 121.75 | NOTE | |
r-devel-linux-x86_64-debian-gcc | 0.7-1 | 10.99 | 82.08 | 93.07 | NOTE | |
r-devel-linux-x86_64-fedora-clang | 0.7-1 | 143.60 | NOTE | |||
r-devel-linux-x86_64-fedora-gcc | 0.7-1 | 138.26 | NOTE | |||
r-devel-windows-ix86+x86_64 | 0.7-1 | 61.00 | 115.00 | 176.00 | NOTE | |
r-devel-windows-ix86+x86_64-gcc8 | 0.7-1 | 37.00 | 169.00 | 206.00 | NOTE | |
r-patched-linux-x86_64 | 0.7-1 | 12.77 | 90.32 | 103.09 | NOTE | |
r-patched-solaris-x86 | 0.7-1 | 194.30 | NOTE | |||
r-release-linux-x86_64 | 0.7-1 | 12.72 | 90.82 | 103.54 | NOTE | |
r-release-windows-ix86+x86_64 | 0.7-1 | 51.00 | 101.00 | 152.00 | NOTE | |
r-release-osx-x86_64 | 0.7-1 | NOTE | ||||
r-oldrel-windows-ix86+x86_64 | 0.7-1 | 19.00 | 102.00 | 121.00 | NOTE | |
r-oldrel-osx-x86_64 | 0.7-1 | NOTE |
Version: 0.7-1
Check: R code for possible problems
Result: NOTE
accrualReport: multiple local function definitions for 'gg' with
different formal arguments
Flavors: r-devel-linux-x86_64-debian-clang, r-devel-linux-x86_64-debian-gcc, r-devel-linux-x86_64-fedora-clang, r-devel-linux-x86_64-fedora-gcc, r-devel-windows-ix86+x86_64, r-devel-windows-ix86+x86_64-gcc8, r-patched-linux-x86_64, r-patched-solaris-x86, r-release-linux-x86_64, r-release-windows-ix86+x86_64, r-release-osx-x86_64, r-oldrel-windows-ix86+x86_64, r-oldrel-osx-x86_64