Last updated on 2020-01-20 01:50:22 CET.
Flavor | Version | Tinstall | Tcheck | Ttotal | Status | Flags |
---|---|---|---|---|---|---|
r-devel-linux-x86_64-debian-clang | 0.2.20 | 3.25 | 32.00 | 35.25 | OK | |
r-devel-linux-x86_64-debian-gcc | 0.2.20 | 3.14 | 26.06 | 29.20 | OK | |
r-devel-linux-x86_64-fedora-clang | 0.2.20 | 45.20 | NOTE | |||
r-devel-linux-x86_64-fedora-gcc | 0.2.20 | 42.97 | NOTE | |||
r-devel-windows-ix86+x86_64 | 0.2.20 | 17.00 | 66.00 | 83.00 | OK | |
r-devel-windows-ix86+x86_64-gcc8 | 0.2.20 | 10.00 | 67.00 | 77.00 | OK | |
r-patched-linux-x86_64 | 0.2.20 | 2.99 | 29.51 | 32.50 | OK | |
r-patched-solaris-x86 | 0.2.20 | 63.60 | NOTE | |||
r-release-linux-x86_64 | 0.2.20 | 3.16 | 29.23 | 32.39 | OK | |
r-release-windows-ix86+x86_64 | 0.2.20 | 11.00 | 71.00 | 82.00 | OK | |
r-release-osx-x86_64 | 0.2.20 | NOTE | ||||
r-oldrel-windows-ix86+x86_64 | 0.2.20 | 5.00 | 43.00 | 48.00 | OK | |
r-oldrel-osx-x86_64 | 0.2.20 | NOTE |
Version: 0.2.20
Check: dependencies in R code
Result: NOTE
Namespace in Imports field not imported from: ‘usethis’
All declared Imports should be used.
Flavors: r-devel-linux-x86_64-fedora-clang, r-devel-linux-x86_64-fedora-gcc, r-patched-solaris-x86, r-release-osx-x86_64, r-oldrel-osx-x86_64