Last updated on 2020-01-20 01:50:22 CET.
Flavor | Version | Tinstall | Tcheck | Ttotal | Status | Flags |
---|---|---|---|---|---|---|
r-devel-linux-x86_64-debian-clang | 0.1.0 | 1.73 | 25.27 | 27.00 | NOTE | |
r-devel-linux-x86_64-debian-gcc | 0.1.0 | 1.41 | 19.77 | 21.18 | NOTE | |
r-devel-linux-x86_64-fedora-clang | 0.1.0 | 34.18 | OK | |||
r-devel-linux-x86_64-fedora-gcc | 0.1.0 | 32.17 | OK | |||
r-devel-windows-ix86+x86_64 | 0.1.0 | 6.00 | 54.00 | 60.00 | NOTE | |
r-devel-windows-ix86+x86_64-gcc8 | 0.1.0 | 5.00 | 51.00 | 56.00 | NOTE | |
r-patched-linux-x86_64 | 0.1.0 | 1.36 | 22.82 | 24.18 | OK | |
r-patched-solaris-x86 | 0.1.0 | 44.10 | OK | |||
r-release-linux-x86_64 | 0.1.0 | 1.24 | 22.77 | 24.01 | OK | |
r-release-windows-ix86+x86_64 | 0.1.0 | 7.00 | 34.00 | 41.00 | OK | |
r-release-osx-x86_64 | 0.1.0 | OK | ||||
r-oldrel-windows-ix86+x86_64 | 0.1.0 | 2.00 | 36.00 | 38.00 | OK | |
r-oldrel-osx-x86_64 | 0.1.0 | OK |
Version: 0.1.0
Check: package vignettes
Result: NOTE
Package vignette with placeholder title 'Vignette Title':
'Introduction.Rmd'
Flavors: r-devel-linux-x86_64-debian-clang, r-devel-linux-x86_64-debian-gcc, r-devel-windows-ix86+x86_64, r-devel-windows-ix86+x86_64-gcc8