CRAN Package Check Results for Package humidity

Last updated on 2020-01-20 01:50:23 CET.

Flavor Version Tinstall Tcheck Ttotal Status Flags
r-devel-linux-x86_64-debian-clang 0.1.5 2.17 25.41 27.58 OK
r-devel-linux-x86_64-debian-gcc 0.1.5 1.75 20.42 22.17 OK
r-devel-linux-x86_64-fedora-clang 0.1.5 35.39 OK
r-devel-linux-x86_64-fedora-gcc 0.1.5 33.27 OK
r-devel-windows-ix86+x86_64 0.1.5 7.00 53.00 60.00 OK
r-devel-windows-ix86+x86_64-gcc8 0.1.5 6.00 60.00 66.00 OK
r-patched-linux-x86_64 0.1.5 1.82 23.78 25.60 OK
r-patched-solaris-x86 0.1.5 44.60 OK
r-release-linux-x86_64 0.1.5 1.81 23.59 25.40 OK
r-release-windows-ix86+x86_64 0.1.5 6.00 48.00 54.00 OK
r-release-osx-x86_64 0.1.5 OK
r-oldrel-windows-ix86+x86_64 0.1.5 2.00 34.00 36.00 WARN
r-oldrel-osx-x86_64 0.1.5 OK

Check Details

Version: 0.1.5
Check: whether package can be installed
Result: WARN
    Found the following significant warnings:
     Warning: unable to re-encode 'data.R' line 27
Flavor: r-oldrel-windows-ix86+x86_64