Last updated on 2020-01-20 01:50:23 CET.
Flavor | Version | Tinstall | Tcheck | Ttotal | Status | Flags |
---|---|---|---|---|---|---|
r-devel-linux-x86_64-debian-clang | 1.2 | 2.84 | 39.33 | 42.17 | OK | |
r-devel-linux-x86_64-debian-gcc | 1.2 | 2.31 | 30.27 | 32.58 | OK | |
r-devel-linux-x86_64-fedora-clang | 1.2 | 52.11 | NOTE | |||
r-devel-linux-x86_64-fedora-gcc | 1.2 | 53.15 | NOTE | |||
r-devel-windows-ix86+x86_64 | 1.2 | 10.00 | 81.00 | 91.00 | OK | |
r-devel-windows-ix86+x86_64-gcc8 | 1.2 | 7.00 | 90.00 | 97.00 | OK | |
r-patched-linux-x86_64 | 1.2 | 2.39 | 36.70 | 39.09 | OK | |
r-patched-solaris-x86 | 1.2 | 70.90 | NOTE | |||
r-release-linux-x86_64 | 1.2 | 2.06 | 36.44 | 38.50 | OK | |
r-release-windows-ix86+x86_64 | 1.2 | 9.00 | 92.00 | 101.00 | OK | |
r-release-osx-x86_64 | 1.2 | NOTE | ||||
r-oldrel-windows-ix86+x86_64 | 1.2 | 4.00 | 55.00 | 59.00 | OK | |
r-oldrel-osx-x86_64 | 1.2 | NOTE |
Version: 1.2
Check: data for non-ASCII characters
Result: NOTE
Note: found 3026 marked UTF-8 strings
Flavors: r-devel-linux-x86_64-fedora-clang, r-devel-linux-x86_64-fedora-gcc, r-patched-solaris-x86, r-release-osx-x86_64, r-oldrel-osx-x86_64