Last updated on 2020-01-20 01:50:23 CET.
Flavor | Version | Tinstall | Tcheck | Ttotal | Status | Flags |
---|---|---|---|---|---|---|
r-devel-linux-x86_64-debian-clang | 4.0 | 101.77 | 149.03 | 250.80 | NOTE | |
r-devel-linux-x86_64-debian-gcc | 4.0 | 98.31 | 115.86 | 214.17 | NOTE | |
r-devel-linux-x86_64-fedora-clang | 4.0 | 323.62 | NOTE | |||
r-devel-linux-x86_64-fedora-gcc | 4.0 | 352.08 | NOTE | |||
r-devel-windows-ix86+x86_64 | 4.0 | 261.00 | 299.00 | 560.00 | NOTE | |
r-devel-windows-ix86+x86_64-gcc8 | 4.0 | 192.00 | 322.00 | 514.00 | NOTE | |
r-patched-linux-x86_64 | 4.0 | 99.77 | 133.66 | 233.43 | NOTE | |
r-patched-solaris-x86 | 4.0 | 384.70 | NOTE | |||
r-release-linux-x86_64 | 4.0 | 95.72 | 133.04 | 228.76 | NOTE | |
r-release-windows-ix86+x86_64 | 4.0 | 239.00 | 284.00 | 523.00 | NOTE | |
r-release-osx-x86_64 | 4.0 | FAIL | ||||
r-oldrel-windows-ix86+x86_64 | 4.0 | 165.00 | 192.00 | 357.00 | NOTE | |
r-oldrel-osx-x86_64 | 4.0 | NOTE |
Version: 4.0
Check: for GNU extensions in Makefiles
Result: NOTE
GNU make is a SystemRequirements.
Flavors: r-devel-linux-x86_64-debian-clang, r-devel-linux-x86_64-debian-gcc, r-devel-linux-x86_64-fedora-clang, r-devel-linux-x86_64-fedora-gcc, r-devel-windows-ix86+x86_64, r-devel-windows-ix86+x86_64-gcc8, r-patched-linux-x86_64, r-patched-solaris-x86, r-release-linux-x86_64, r-release-windows-ix86+x86_64, r-release-osx-x86_64, r-oldrel-windows-ix86+x86_64, r-oldrel-osx-x86_64
Version: 4.0
Check: installed package size
Result: NOTE
installed size is 25.4Mb
sub-directories of 1Mb or more:
doc 1.0Mb
libs 23.8Mb
Flavors: r-devel-linux-x86_64-fedora-clang, r-devel-windows-ix86+x86_64-gcc8, r-release-osx-x86_64, r-oldrel-osx-x86_64
Version: 4.0
Check: dependencies in R code
Result: NOTE
Namespace in Imports field not imported from: ‘rstantools’
All declared Imports should be used.
Flavors: r-devel-linux-x86_64-fedora-clang, r-devel-linux-x86_64-fedora-gcc, r-patched-solaris-x86, r-release-osx-x86_64, r-oldrel-osx-x86_64
Version: 4.0
Check: re-building of vignette outputs
Result: FAIL
Flavor: r-release-osx-x86_64