Last updated on 2020-01-20 01:50:23 CET.
Flavor | Version | Tinstall | Tcheck | Ttotal | Status | Flags |
---|---|---|---|---|---|---|
r-devel-linux-x86_64-debian-clang | 0.8.5 | 27.76 | 161.53 | 189.29 | NOTE | |
r-devel-linux-x86_64-debian-gcc | 0.8.5 | 21.69 | 123.89 | 145.58 | NOTE | |
r-devel-linux-x86_64-fedora-clang | 0.8.5 | 233.15 | NOTE | |||
r-devel-linux-x86_64-fedora-gcc | 0.8.5 | 242.90 | NOTE | |||
r-devel-windows-ix86+x86_64 | 0.8.5 | 53.00 | 143.00 | 196.00 | NOTE | |
r-devel-windows-ix86+x86_64-gcc8 | 0.8.5 | 44.00 | 215.00 | 259.00 | NOTE | |
r-patched-linux-x86_64 | 0.8.5 | 25.60 | 146.51 | 172.11 | NOTE | |
r-patched-solaris-x86 | 0.8.5 | 293.80 | NOTE | |||
r-release-linux-x86_64 | 0.8.5 | 25.84 | 145.85 | 171.69 | NOTE | |
r-release-windows-ix86+x86_64 | 0.8.5 | 49.00 | 191.00 | 240.00 | NOTE | |
r-release-osx-x86_64 | 0.8.5 | NOTE | ||||
r-oldrel-windows-ix86+x86_64 | 0.8.5 | 20.00 | 131.00 | 151.00 | NOTE | |
r-oldrel-osx-x86_64 | 0.8.5 | NOTE |
Version: 0.8.5
Check: package dependencies
Result: NOTE
Package suggested but not available for checking: 'ie2miscdata'
Flavors: r-devel-linux-x86_64-debian-clang, r-devel-linux-x86_64-debian-gcc, r-devel-linux-x86_64-fedora-clang, r-devel-linux-x86_64-fedora-gcc, r-devel-windows-ix86+x86_64, r-devel-windows-ix86+x86_64-gcc8, r-patched-linux-x86_64, r-patched-solaris-x86, r-release-linux-x86_64, r-release-windows-ix86+x86_64, r-release-osx-x86_64, r-oldrel-windows-ix86+x86_64, r-oldrel-osx-x86_64